{"id":322,"date":"2005-09-21T12:00:00","date_gmt":"2005-09-21T10:00:00","guid":{"rendered":"http:\/\/suedbayern.humanistische-union.de\/hu-macht-radio-humanes-leben-bis-zuletzt-das-recht-auf-sterbehilfe\/"},"modified":"2021-08-28T20:55:34","modified_gmt":"2021-08-28T18:55:34","slug":"hu-macht-radio-humanes-leben-bis-zuletzt-das-recht-auf-sterbehilfe","status":"publish","type":"page","link":"https:\/\/suedbayern.humanistische-union.de\/hu_macht_radio\/hu-macht-radio-humanes-leben-bis-zuletzt-das-recht-auf-sterbehilfe\/","title":{"rendered":"HU macht Radio: Humanes Leben bis zuletzt &#8211; Das Recht auf Sterbehilfe"},"content":{"rendered":"<p>HU macht Radio!<\/p>\n<p>Ab dem 18. Mai bringt die HU Mch-S\u00fcdbayern in Radio LORA Beitr\u00e4ge zu aktuellen Themen aus ihrer Sicht und mit ihren Forderungen. In 2-monatigem Abstand, alternierend mit dem Bund f\u00fcr Geistesfreiheit, jeweils am 3. Mittwoch des ungeraden Monats, 20 &#8211; 21 Uhr, folgen weitere Sendungen.<\/p>\n<p>Das Thema am 21. September 2005, 20 Uhr, ist<\/p>\n<h2 class=\"auto-created\">Humanes Leben bis zuletzt &ndash; Das Recht auf Sterbehilfe<\/h2>\n<p>Der Patientenwille hat obersten Vorrang. Nur der Patient kann und soll dar\u00fcber bestimmen, wie sein Leben zu enden hat. Es ist deshalb allein der Ausdruck seines Selbstbestimmungsrechtes und seiner unver\u00e4u\u00dferlichen Menschenw\u00fcrde, ob und wie er den Tod annehmen will oder nicht. Denn nur der Patient ist es, der \u00fcber sein Leben, aber auch \u00fcber die Art und Weise seines Todes, seines Weggehens aus diesem Leben zu entscheiden hat. Niemand sonst hat dar\u00fcber zu entscheiden, denn es ist das Leben des Patienten. Der Patient hat zwar ein Lebensrecht, aber er hat keine Lebenspflicht.<\/p>\n<p>Dar\u00fcber sprechen Helga und Wolfgang Killinger und Diethard Seemann (HU M\u00fcnchen-S\u00fcdbayern) mit <br \/>Rechtsanwalt <b>Dr. Till M\u00fcller-Heidelberg<\/b>, er war bis 2003 Bundesvorsitzender der Humanistischen Union und ist jetzt Mitglied in ihrem Beirat.<\/p>\n<p>Siehe auch das Referat von Dr. M\u00fcller-Heidelberg &#8222;Verfassungsrechtlicher Anspruch auf Sterbehilfe?&#8220; vom 29.11.2003.<\/p>\n<h2 class=\"auto-created\">Sie k&ouml;nnen die Aufzeich&shy;nung der Sendung in Radio LORA M&uuml;nchen 92,4 vom 21. 9. 2005 hier nachh&ouml;ren (49 Minuten):<\/h2>\n<p>Ein Mitschnitt dieser Sendung kann auf CD zum Preis von 5,- &#8364; incl. Porto von uns bezogen werden. Senden Sie dazu bitte eine e-mail mit Ihrer Postanschrift an unsere Kontaktadresse.<\/p>\n<p>Nach Eingang Ihrer \u00dcberweisung auf unser Konto:<\/p>\n<p>\u00a0\u00a0\u00a0 HUMANISTISCHE UNION e.V. OV M\u00fcnchen,<br \/>\u00a0\u00a0\u00a0 Konto 178855800<br \/>\u00a0\u00a0\u00a0 BLZ 700 100 80<br \/>\u00a0\u00a0\u00a0 Postbank M\u00fcnchen<\/p>\n<p>versenden wir die CD.<\/p>\n<p>In 2-monatigem Abstand, alternierend mit dem Bund f\u00fcr Geistesfreiheit, jeweils am 3. Mittwoch des Monats von 20 &#8211; 21 Uhr, folgen weitere Sendungen.<\/p>\n","protected":false},"excerpt":{"rendered":"<p>HU macht Radio! Ab dem 18. Mai bringt die HU Mch-S\u00fcdbayern in Radio LORA Beitr\u00e4ge zu aktuellen Themen aus ihrer Sicht und mit ihren Forderungen. In 2-monatigem Abstand, alternierend mit dem Bund f\u00fcr Geistesfreiheit, jeweils am 3. Mittwoch des ungeraden Monats, 20 &#8211; 21 Uhr, folgen weitere Sendungen. Das Thema am 21. September 2005, 20 [weiterlesen]<\/p>\n","protected":false},"author":0,"featured_media":0,"parent":288,"menu_order":0,"comment_status":"closed","ping_status":"closed","template":"","meta":{"_acf_changed":false,"footnotes":""},"tags":[28,14,55,56,64],"autoren":[],"class_list":["post-322","page","type-page","status-publish","hentry","tag-muenchen-radiobeitraege","tag-muenchen-termine","tag-patientenverfuegung","tag-sterbehilfe-positionen","tag-sterbehilfe-rechtspolitik"],"acf":[],"yoast_head":"<!-- This site is optimized with the Yoast SEO plugin v28.4 - https:\/\/yoast.com\/product\/yoast-seo-wordpress\/ -->\n<title>HU macht Radio: Humanes Leben bis zuletzt - Das Recht auf Sterbehilfe - HU Bayern<\/title>\n<meta name=\"robots\" content=\"index, follow, max-snippet:-1, max-image-preview:large, max-video-preview:-1\" \/>\n<link rel=\"canonical\" href=\"https:\/\/suedbayern.humanistische-union.de\/hu_macht_radio\/hu-macht-radio-humanes-leben-bis-zuletzt-das-recht-auf-sterbehilfe\/\" \/>\n<meta property=\"og:locale\" content=\"de_DE\" \/>\n<meta property=\"og:type\" content=\"article\" \/>\n<meta property=\"og:title\" content=\"HU macht Radio: Humanes Leben bis zuletzt - Das Recht auf Sterbehilfe - HU Bayern\" \/>\n<meta property=\"og:description\" content=\"HU macht Radio! Ab dem 18. Mai bringt die HU Mch-S\u00fcdbayern in Radio LORA Beitr\u00e4ge zu aktuellen Themen aus ihrer Sicht und mit ihren Forderungen. In 2-monatigem Abstand, alternierend mit dem Bund f\u00fcr Geistesfreiheit, jeweils am 3. Mittwoch des ungeraden Monats, 20 &#8211; 21 Uhr, folgen weitere Sendungen. Das Thema am 21. September 2005, 20 [weiterlesen]\" \/>\n<meta property=\"og:url\" content=\"https:\/\/suedbayern.humanistische-union.de\/hu_macht_radio\/hu-macht-radio-humanes-leben-bis-zuletzt-das-recht-auf-sterbehilfe\/\" \/>\n<meta property=\"og:site_name\" content=\"HU Bayern\" \/>\n<meta property=\"article:modified_time\" content=\"2021-08-28T18:55:34+00:00\" \/>\n<meta name=\"twitter:card\" content=\"summary_large_image\" \/>\n<meta name=\"twitter:label1\" content=\"Gesch\u00e4tzte Lesezeit\" \/>\n\t<meta name=\"twitter:data1\" content=\"1\u00a0Minute\" \/>\n<script type=\"application\/ld+json\" class=\"yoast-schema-graph\">{\"@context\":\"https:\\\/\\\/schema.org\",\"@graph\":[{\"@type\":\"WebPage\",\"@id\":\"https:\\\/\\\/suedbayern.humanistische-union.de\\\/hu_macht_radio\\\/hu-macht-radio-humanes-leben-bis-zuletzt-das-recht-auf-sterbehilfe\\\/\",\"url\":\"https:\\\/\\\/suedbayern.humanistische-union.de\\\/hu_macht_radio\\\/hu-macht-radio-humanes-leben-bis-zuletzt-das-recht-auf-sterbehilfe\\\/\",\"name\":\"HU macht Radio: Humanes Leben bis zuletzt - Das Recht auf Sterbehilfe - HU Bayern\",\"isPartOf\":{\"@id\":\"https:\\\/\\\/suedbayern.humanistische-union.de\\\/#website\"},\"datePublished\":\"2005-09-21T10:00:00+00:00\",\"dateModified\":\"2021-08-28T18:55:34+00:00\",\"breadcrumb\":{\"@id\":\"https:\\\/\\\/suedbayern.humanistische-union.de\\\/hu_macht_radio\\\/hu-macht-radio-humanes-leben-bis-zuletzt-das-recht-auf-sterbehilfe\\\/#breadcrumb\"},\"inLanguage\":\"de\",\"potentialAction\":[{\"@type\":\"ReadAction\",\"target\":[\"https:\\\/\\\/suedbayern.humanistische-union.de\\\/hu_macht_radio\\\/hu-macht-radio-humanes-leben-bis-zuletzt-das-recht-auf-sterbehilfe\\\/\"]}]},{\"@type\":\"BreadcrumbList\",\"@id\":\"https:\\\/\\\/suedbayern.humanistische-union.de\\\/hu_macht_radio\\\/hu-macht-radio-humanes-leben-bis-zuletzt-das-recht-auf-sterbehilfe\\\/#breadcrumb\",\"itemListElement\":[{\"@type\":\"ListItem\",\"position\":1,\"name\":\"Startseite\",\"item\":\"https:\\\/\\\/suedbayern.humanistische-union.de\\\/\"},{\"@type\":\"ListItem\",\"position\":2,\"name\":\"HU macht Radio\",\"item\":\"https:\\\/\\\/suedbayern.humanistische-union.de\\\/hu_macht_radio\\\/\"},{\"@type\":\"ListItem\",\"position\":3,\"name\":\"HU macht Radio: Humanes Leben bis zuletzt &#8211; Das Recht auf Sterbehilfe\"}]},{\"@type\":\"WebSite\",\"@id\":\"https:\\\/\\\/suedbayern.humanistische-union.de\\\/#website\",\"url\":\"https:\\\/\\\/suedbayern.humanistische-union.de\\\/\",\"name\":\"HU Bayern\",\"description\":\"Eine weitere HU Network Website\",\"potentialAction\":[{\"@type\":\"SearchAction\",\"target\":{\"@type\":\"EntryPoint\",\"urlTemplate\":\"https:\\\/\\\/suedbayern.humanistische-union.de\\\/?s={search_term_string}\"},\"query-input\":{\"@type\":\"PropertyValueSpecification\",\"valueRequired\":true,\"valueName\":\"search_term_string\"}}],\"inLanguage\":\"de\"}]}<\/script>\n<!-- \/ Yoast SEO plugin. -->","yoast_head_json":{"title":"HU macht Radio: Humanes Leben bis zuletzt - Das Recht auf Sterbehilfe - HU Bayern","robots":{"index":"index","follow":"follow","max-snippet":"max-snippet:-1","max-image-preview":"max-image-preview:large","max-video-preview":"max-video-preview:-1"},"canonical":"https:\/\/suedbayern.humanistische-union.de\/hu_macht_radio\/hu-macht-radio-humanes-leben-bis-zuletzt-das-recht-auf-sterbehilfe\/","og_locale":"de_DE","og_type":"article","og_title":"HU macht Radio: Humanes Leben bis zuletzt - Das Recht auf Sterbehilfe - HU Bayern","og_description":"HU macht Radio! Ab dem 18. Mai bringt die HU Mch-S\u00fcdbayern in Radio LORA Beitr\u00e4ge zu aktuellen Themen aus ihrer Sicht und mit ihren Forderungen. In 2-monatigem Abstand, alternierend mit dem Bund f\u00fcr Geistesfreiheit, jeweils am 3. Mittwoch des ungeraden Monats, 20 &#8211; 21 Uhr, folgen weitere Sendungen. Das Thema am 21. September 2005, 20 [weiterlesen]","og_url":"https:\/\/suedbayern.humanistische-union.de\/hu_macht_radio\/hu-macht-radio-humanes-leben-bis-zuletzt-das-recht-auf-sterbehilfe\/","og_site_name":"HU Bayern","article_modified_time":"2021-08-28T18:55:34+00:00","twitter_card":"summary_large_image","twitter_misc":{"Gesch\u00e4tzte Lesezeit":"1\u00a0Minute"},"schema":{"@context":"https:\/\/schema.org","@graph":[{"@type":"WebPage","@id":"https:\/\/suedbayern.humanistische-union.de\/hu_macht_radio\/hu-macht-radio-humanes-leben-bis-zuletzt-das-recht-auf-sterbehilfe\/","url":"https:\/\/suedbayern.humanistische-union.de\/hu_macht_radio\/hu-macht-radio-humanes-leben-bis-zuletzt-das-recht-auf-sterbehilfe\/","name":"HU macht Radio: Humanes Leben bis zuletzt - Das Recht auf Sterbehilfe - HU Bayern","isPartOf":{"@id":"https:\/\/suedbayern.humanistische-union.de\/#website"},"datePublished":"2005-09-21T10:00:00+00:00","dateModified":"2021-08-28T18:55:34+00:00","breadcrumb":{"@id":"https:\/\/suedbayern.humanistische-union.de\/hu_macht_radio\/hu-macht-radio-humanes-leben-bis-zuletzt-das-recht-auf-sterbehilfe\/#breadcrumb"},"inLanguage":"de","potentialAction":[{"@type":"ReadAction","target":["https:\/\/suedbayern.humanistische-union.de\/hu_macht_radio\/hu-macht-radio-humanes-leben-bis-zuletzt-das-recht-auf-sterbehilfe\/"]}]},{"@type":"BreadcrumbList","@id":"https:\/\/suedbayern.humanistische-union.de\/hu_macht_radio\/hu-macht-radio-humanes-leben-bis-zuletzt-das-recht-auf-sterbehilfe\/#breadcrumb","itemListElement":[{"@type":"ListItem","position":1,"name":"Startseite","item":"https:\/\/suedbayern.humanistische-union.de\/"},{"@type":"ListItem","position":2,"name":"HU macht Radio","item":"https:\/\/suedbayern.humanistische-union.de\/hu_macht_radio\/"},{"@type":"ListItem","position":3,"name":"HU macht Radio: Humanes Leben bis zuletzt &#8211; Das Recht auf Sterbehilfe"}]},{"@type":"WebSite","@id":"https:\/\/suedbayern.humanistische-union.de\/#website","url":"https:\/\/suedbayern.humanistische-union.de\/","name":"HU Bayern","description":"Eine weitere HU Network Website","potentialAction":[{"@type":"SearchAction","target":{"@type":"EntryPoint","urlTemplate":"https:\/\/suedbayern.humanistische-union.de\/?s={search_term_string}"},"query-input":{"@type":"PropertyValueSpecification","valueRequired":true,"valueName":"search_term_string"}}],"inLanguage":"de"}]}},"_links":{"self":[{"href":"https:\/\/suedbayern.humanistische-union.de\/hu-json\/wp\/v2\/pages\/322","targetHints":{"allow":["GET"]}}],"collection":[{"href":"https:\/\/suedbayern.humanistische-union.de\/hu-json\/wp\/v2\/pages"}],"about":[{"href":"https:\/\/suedbayern.humanistische-union.de\/hu-json\/wp\/v2\/types\/page"}],"replies":[{"embeddable":true,"href":"https:\/\/suedbayern.humanistische-union.de\/hu-json\/wp\/v2\/comments?post=322"}],"version-history":[{"count":2,"href":"https:\/\/suedbayern.humanistische-union.de\/hu-json\/wp\/v2\/pages\/322\/revisions"}],"predecessor-version":[{"id":1556,"href":"https:\/\/suedbayern.humanistische-union.de\/hu-json\/wp\/v2\/pages\/322\/revisions\/1556"}],"up":[{"embeddable":true,"href":"https:\/\/suedbayern.humanistische-union.de\/hu-json\/wp\/v2\/pages\/288"}],"wp:attachment":[{"href":"https:\/\/suedbayern.humanistische-union.de\/hu-json\/wp\/v2\/media?parent=322"}],"wp:term":[{"taxonomy":"post_tag","embeddable":true,"href":"https:\/\/suedbayern.humanistische-union.de\/hu-json\/wp\/v2\/tags?post=322"},{"taxonomy":"autoren","embeddable":true,"href":"https:\/\/suedbayern.humanistische-union.de\/hu-json\/wp\/v2\/autoren?post=322"}],"curies":[{"name":"wp","href":"https:\/\/api.w.org\/{rel}","templated":true}]}}

<p>HU macht Radio!</p>
<p>Ab dem 18. Mai bringt die HU Mch-Südbayern in Radio LORA Beiträge zu aktuellen Themen aus ihrer Sicht und mit ihren Forderungen. In 2-monatigem Abstand, alternierend mit dem Bund für Geistesfreiheit, jeweils am 3. Mittwoch des ungeraden Monats, 20 &#8211; 21 Uhr, folgen weitere Sendungen.</p>
<p>Das Thema am 21. September 2005, 20 Uhr, ist</p>
<h2 class="auto-created">Humanes Leben bis zuletzt &ndash; Das Recht auf Sterbehilfe</h2>
<p>Der Patientenwille hat obersten Vorrang. Nur der Patient kann und soll darüber bestimmen, wie sein Leben zu enden hat. Es ist deshalb allein der Ausdruck seines Selbstbestimmungsrechtes und seiner unveräußerlichen Menschenwürde, ob und wie er den Tod annehmen will oder nicht. Denn nur der Patient ist es, der über sein Leben, aber auch über die Art und Weise seines Todes, seines Weggehens aus diesem Leben zu entscheiden hat. Niemand sonst hat darüber zu entscheiden, denn es ist das Leben des Patienten. Der Patient hat zwar ein Lebensrecht, aber er hat keine Lebenspflicht.</p>
<p>Darüber sprechen Helga und Wolfgang Killinger und Diethard Seemann (HU München-Südbayern) mit <br />Rechtsanwalt <b>Dr. Till Müller-Heidelberg</b>, er war bis 2003 Bundesvorsitzender der Humanistischen Union und ist jetzt Mitglied in ihrem Beirat.</p>
<p>Siehe auch das Referat von Dr. Müller-Heidelberg &#8222;Verfassungsrechtlicher Anspruch auf Sterbehilfe?&#8220; vom 29.11.2003.</p>
<h2 class="auto-created">Sie k&ouml;nnen die Aufzeich&shy;nung der Sendung in Radio LORA M&uuml;nchen 92,4 vom 21. 9. 2005 hier nachh&ouml;ren (49 Minuten):</h2>
<p>Ein Mitschnitt dieser Sendung kann auf CD zum Preis von 5,- &#8364; incl. Porto von uns bezogen werden. Senden Sie dazu bitte eine e-mail mit Ihrer Postanschrift an unsere Kontaktadresse.</p>
<p>Nach Eingang Ihrer Überweisung auf unser Konto:</p>
<p>    HUMANISTISCHE UNION e.V. OV München,<br />    Konto 178855800<br />    BLZ 700 100 80<br />    Postbank München</p>
<p>versenden wir die CD.</p>
<p>In 2-monatigem Abstand, alternierend mit dem Bund für Geistesfreiheit, jeweils am 3. Mittwoch des Monats von 20 &#8211; 21 Uhr, folgen weitere Sendungen.</p>

<p>HU macht Radio! Ab dem 18. Mai bringt die HU Mch-Südbayern in Radio LORA Beiträge zu aktuellen Themen aus ihrer Sicht und mit ihren Forderungen. In 2-monatigem Abstand, alternierend mit dem Bund für Geistesfreiheit, jeweils am 3. Mittwoch des ungeraden Monats, 20 &#8211; 21 Uhr, folgen weitere Sendungen. Das Thema am 21. September 2005, 20 [weiterlesen]</p>

<!-- This site is optimized with the Yoast SEO plugin v28.4 - https://yoast.com/product/yoast-seo-wordpress/ -->
<title>HU macht Radio: Humanes Leben bis zuletzt - Das Recht auf Sterbehilfe - HU Bayern</title>
<meta name="robots" content="index, follow, max-snippet:-1, max-image-preview:large, max-video-preview:-1" />
<link rel="canonical" href="https://suedbayern.humanistische-union.de/hu_macht_radio/hu-macht-radio-humanes-leben-bis-zuletzt-das-recht-auf-sterbehilfe/" />
<meta property="og:locale" content="de_DE" />
<meta property="og:type" content="article" />
<meta property="og:title" content="HU macht Radio: Humanes Leben bis zuletzt - Das Recht auf Sterbehilfe - HU Bayern" />
<meta property="og:description" content="HU macht Radio! Ab dem 18. Mai bringt die HU Mch-Südbayern in Radio LORA Beiträge zu aktuellen Themen aus ihrer Sicht und mit ihren Forderungen. In 2-monatigem Abstand, alternierend mit dem Bund für Geistesfreiheit, jeweils am 3. Mittwoch des ungeraden Monats, 20 &#8211; 21 Uhr, folgen weitere Sendungen. Das Thema am 21. September 2005, 20 [weiterlesen]" />
<meta property="og:url" content="https://suedbayern.humanistische-union.de/hu_macht_radio/hu-macht-radio-humanes-leben-bis-zuletzt-das-recht-auf-sterbehilfe/" />
<meta property="og:site_name" content="HU Bayern" />
<meta property="article:modified_time" content="2021-08-28T18:55:34+00:00" />
<meta name="twitter:card" content="summary_large_image" />
<meta name="twitter:label1" content="Geschätzte Lesezeit" />
	<meta name="twitter:data1" content="1 Minute" />
<script type="application/ld+json" class="yoast-schema-graph">{"@context":"https:\/\/schema.org","@graph":[{"@type":"WebPage","@id":"https:\/\/suedbayern.humanistische-union.de\/hu_macht_radio\/hu-macht-radio-humanes-leben-bis-zuletzt-das-recht-auf-sterbehilfe\/","url":"https:\/\/suedbayern.humanistische-union.de\/hu_macht_radio\/hu-macht-radio-humanes-leben-bis-zuletzt-das-recht-auf-sterbehilfe\/","name":"HU macht Radio: Humanes Leben bis zuletzt - Das Recht auf Sterbehilfe - HU Bayern","isPartOf":{"@id":"https:\/\/suedbayern.humanistische-union.de\/#website"},"datePublished":"2005-09-21T10:00:00+00:00","dateModified":"2021-08-28T18:55:34+00:00","breadcrumb":{"@id":"https:\/\/suedbayern.humanistische-union.de\/hu_macht_radio\/hu-macht-radio-humanes-leben-bis-zuletzt-das-recht-auf-sterbehilfe\/#breadcrumb"},"inLanguage":"de","potentialAction":[{"@type":"ReadAction","target":["https:\/\/suedbayern.humanistische-union.de\/hu_macht_radio\/hu-macht-radio-humanes-leben-bis-zuletzt-das-recht-auf-sterbehilfe\/"]}]},{"@type":"BreadcrumbList","@id":"https:\/\/suedbayern.humanistische-union.de\/hu_macht_radio\/hu-macht-radio-humanes-leben-bis-zuletzt-das-recht-auf-sterbehilfe\/#breadcrumb","itemListElement":[{"@type":"ListItem","position":1,"name":"Startseite","item":"https:\/\/suedbayern.humanistische-union.de\/"},{"@type":"ListItem","position":2,"name":"HU macht Radio","item":"https:\/\/suedbayern.humanistische-union.de\/hu_macht_radio\/"},{"@type":"ListItem","position":3,"name":"HU macht Radio: Humanes Leben bis zuletzt &#8211; Das Recht auf Sterbehilfe"}]},{"@type":"WebSite","@id":"https:\/\/suedbayern.humanistische-union.de\/#website","url":"https:\/\/suedbayern.humanistische-union.de\/","name":"HU Bayern","description":"Eine weitere HU Network Website","potentialAction":[{"@type":"SearchAction","target":{"@type":"EntryPoint","urlTemplate":"https:\/\/suedbayern.humanistische-union.de\/?s={search_term_string}"},"query-input":{"@type":"PropertyValueSpecification","valueRequired":true,"valueName":"search_term_string"}}],"inLanguage":"de"}]}</script>
<!-- / Yoast SEO plugin. -->

HU macht Radio! Ab dem 18. Mai bringt die HU Mch-Südbayern in Radio LORA Beiträge zu aktuellen Themen aus ihrer Sicht und mit ihren Forderungen. In 2-monatigem Abstand, alternierend mit dem Bund für Geistesfreiheit, jeweils am 3. Mittwoch des ungeraden Monats, 20 &#8211; 21 Uhr, folgen weitere Sendungen. Das Thema am 21. September 2005, 20 [weiterlesen]
