{"id":1544,"date":"2018-01-11T12:00:00","date_gmt":"2018-01-11T11:00:00","guid":{"rendered":"http:\/\/suedbayern.humanistische-union.de\/publikationen\/publikation\/meinungsfreiheit-und-kritik-an-der-politik-israels\/"},"modified":"2018-01-11T12:00:00","modified_gmt":"2018-01-11T11:00:00","slug":"meinungsfreiheit-und-kritik-an-der-politik-israels","status":"publish","type":"publikation","link":"https:\/\/suedbayern.humanistische-union.de\/publikationen\/publikation\/meinungsfreiheit-und-kritik-an-der-politik-israels\/","title":{"rendered":"Meinungsfreiheit und Kritik an der Politik Israels"},"content":{"rendered":"<p><b>Meinungsfreiheit und Kritik an der Politik Israels<\/b><\/p>\n<p>Schon in seinem ber\u00fchmten &#8222;L\u00fcth-Urteil&#8220; von 1958 bezeichnete das BVerfG die Meinungsfreiheit als &#8222;schlechthin konstituierend&#8220; f\u00fcr eine freiheitlich-demokratische Staatsordnung (BVerfGE 7, 198 ff.). Gesch\u00fctzt werden durch dieses Grundrecht sowohl Werturteile als auch Tatsachenmitteilungen, &#8222;weil und soweit sie Voraussetzung f\u00fcr die Bildung von Meinungen&#8220; sind (BVerfGE 61, 8). Das hei\u00dft im Umkehrschluss, dass &#8222;bewusst unwahre Tatsachenbehauptungen&#8220; wie z. B. die Leugnung des Holocaust nicht gesch\u00fctzt sind (und in diesem Fall in Deutschland sogar gem\u00e4\u00df \u00a7 130 Abs. 3 StGB unter Strafe stehen). \u00a0<\/p>\n<p>Gesch\u00fctzt sind Meinungs\u00e4u\u00dferungen unabh\u00e4ngig davon, ob sie begr\u00fcndet oder unbegr\u00fcndet, emotional oder rational, wertvoll oder wertlos, sachlich oder polemisch sind (vgl. z. B. BVerfGE 90, 247).\u00a0 \u00a0<\/p>\n<p>Ein Eingriff in das Grundrecht liegt nicht nur dann vor, wenn eine Meinungs\u00e4u\u00dferung verboten wird, sondern auch dann, wenn die Grundrechtswahrnehmung behindert oder nachteilige Rechtsfolgen daran gekn\u00fcpft werden (vgl. z. B. BVerfGE 86, 128). Der Grundrechtsbindung unterliegt der Staat nicht nur bei hoheitsrechtlichem Handeln, sondern auch, wenn er in Formen des Privatrechts agiert (vgl. BVerfGE 128, 226 &#8211; Fraport). Das ist z. B. der Fall, wenn eine Gemeinde unter Hinweis auf zu erwartende missliebige Meinungs\u00e4u\u00dferungen die Vermietung eines Veranstaltungsraums verweigert.<\/p>\n<p>Wie alle anderen Grundrechte mit Ausnahme der Menschenw\u00fcrdegarantie unterliegt auch die Meinungsfreiheit Beschr\u00e4nkungen. Diese ergeben sich aus der sog. Schrankentrias des Art. 5 Abs. 2 GG: Die Meinungsfreiheit kann nur eingeschr\u00e4nkt werden, sofern es allgemeine Gesetze, das Recht der pers\u00f6nlichen Ehre oder die gesetzlichen Bestimmungen zum Jugendschutz erfordern. \u00a0<\/p>\n<p>Als &#8222;allgemeine Gesetze&#8220; im Sinne dieser Bestimmung gelten insbesondere die Straftatbest\u00e4nde der Beleidigung, \u00fcblen Nachrede und Verleumdung (\u00a7\u00a7 185 ff. StGB) sowie die verschiedenen Tatbest\u00e4nde der Volksverhetzung (\u00a7 130 StGB mit Ausnahme des Abs. 4 dieser Norm, der die Billigung des NS-Terrorregimes unter Strafe stellt; dazu BVerfGE 124, 300 &#8211; Wunsiedel). Nicht jede, auch polemische Kritik am Handeln einer Person ist schon eine Beleidigung, vielmehr m\u00fcssen alle diese Tatbest\u00e4nde &#8222;im Lichte des Grundrechts&#8220; interpretiert werden. Um eine unzul\u00e4ssige &#8222;Schm\u00e4hkritik&#8220; handelt es sich erst, wenn nicht die Auseinandersetzung in der Sache, sondern das gezielte Ver\u00e4chtlichmachen der betreffenden Person oder Personengruppe im Vordergrund steht (nicht z. B. bei der Aussage &#8222;Soldaten sind M\u00f6rder!&#8220; als Kritik am Waffenhandwerk, BVerfGE 93, 266). Um eine Schm\u00e4hung handelt es sich z. B., wenn &#8222;die Juden&#8220; als minderwertige Menschen abqualifiziert und verantwortlich f\u00fcr viele \u00dcbel dieser Welt gemacht werden. Solche Schm\u00e4hungen sind Ausdruck von Antisemitismus, sie k\u00f6nnen unter bestimmten Voraussetzungen als Volksverhetzung gem\u00e4\u00df \u00a7 130 Abs. 1 StGB strafbar sein.<\/p>\n<p><i>Nicht<\/i> als Antisemitismus zu werten ist hingegen Kritik an der Missachtung von V\u00f6lkerrecht und Menschenrechten durch die gegenw\u00e4rtige Politik des Staates Israel, insbesondere etwa durch die Besetzung pal\u00e4stinensischer Gebiete und den dortigen Siedlungsbau. Immerhin bewegt sich diese Kritik in Einklang mit zahlreichen Stellungnahmen von UNO-Organen, u. a. auch dem Gutachten des IGH von 2004 zum Mauerbau auf pal\u00e4stinensischem Gebiet. Die vom Bundestag proklamierte <i>&#8222;Solidarit\u00e4t mit Israel als Bestandteil der Staatsr\u00e4son Deutschlands aufgrund seiner besonderen Geschichte&#8220;<\/i> hat politischen Appellcharakter, aber keinen Gesetzesrang und ist schon deshalb auch keine verfassungsrechtlich tragf\u00e4hige Grundlage f\u00fcr eine Einschr\u00e4nkung der Meinungsfreiheit. Wer hingegen meint, die Meinungsfreiheit aufgrund politischer R\u00fccksichtnahme beschr\u00e4nken zu d\u00fcrfen oder zu m\u00fcssen, gef\u00e4hrdet den Geltungsanspruch dieses Grundrechts und die Freiheit der politischen Auseinandersetzung als Grundlage des demokratischen Prozesses.<\/p>\n<p>Bundesvorstand der Humanistischen Union im November 2017<\/p>\n<p>(Mehr Einzelheiten zum Grundrecht der Meinungsfreiheit bei Dieter Grimm, Die Meinungsfreiheit in der Rechtsprechung des Bundesverfassungsgerichts, NJW 1995, S. 1697 ff.; Andreas Fisahn\/Martin Kutscha, Verfassungsrecht konkret. Die Grundrechte, 3. Aufl. Berlin 2018 unter F).\u00a0 \u00a0<\/p>\n","protected":false},"featured_media":0,"template":"","categories":[264],"tags":[161,155,176,25,27,23,46],"autoren":[281],"publikationen":[],"class_list":["post-1544","publikation","type-publikation","status-publish","hentry","category-rechtspolitik","tag-ausgrenzung","tag-moral-gesinnung","tag-muenchen-artikel","tag-rassismus","tag-rechtspolitik","tag-versammlungsfreiheit","tag-versammlungsrecht","autoren-bundesvorstand-der-humanistischen-union"],"acf":[],"yoast_head":"<!-- This site is optimized with the Yoast SEO plugin v28.4 - https:\/\/yoast.com\/product\/yoast-seo-wordpress\/ -->\n<title>Meinungsfreiheit und Kritik an der Politik Israels - HU Bayern<\/title>\n<meta name=\"robots\" content=\"index, follow, max-snippet:-1, max-image-preview:large, max-video-preview:-1\" \/>\n<link rel=\"canonical\" href=\"https:\/\/suedbayern.humanistische-union.de\/publikationen\/publikation\/meinungsfreiheit-und-kritik-an-der-politik-israels\/\" \/>\n<meta property=\"og:locale\" content=\"de_DE\" \/>\n<meta property=\"og:type\" content=\"article\" \/>\n<meta property=\"og:title\" content=\"Meinungsfreiheit und Kritik an der Politik Israels - HU Bayern\" \/>\n<meta property=\"og:description\" content=\"Meinungsfreiheit und Kritik an der Politik Israels Schon in seinem ber\u00fchmten &#8222;L\u00fcth-Urteil&#8220; von 1958 bezeichnete das BVerfG die Meinungsfreiheit als &#8222;schlechthin konstituierend&#8220; f\u00fcr eine freiheitlich-demokratische Staatsordnung (BVerfGE 7, 198 ff.). Gesch\u00fctzt werden durch dieses Grundrecht sowohl Werturteile als auch Tatsachenmitteilungen, &#8222;weil und soweit sie Voraussetzung f\u00fcr die Bildung von Meinungen&#8220; sind (BVerfGE 61, 8). Das [weiterlesen]\" \/>\n<meta property=\"og:url\" content=\"https:\/\/suedbayern.humanistische-union.de\/publikationen\/publikation\/meinungsfreiheit-und-kritik-an-der-politik-israels\/\" \/>\n<meta property=\"og:site_name\" content=\"HU Bayern\" \/>\n<meta name=\"twitter:card\" content=\"summary_large_image\" \/>\n<meta name=\"twitter:label1\" content=\"Gesch\u00e4tzte Lesezeit\" \/>\n\t<meta name=\"twitter:data1\" content=\"3\u00a0Minuten\" \/>\n<script type=\"application\/ld+json\" class=\"yoast-schema-graph\">{\"@context\":\"https:\\\/\\\/schema.org\",\"@graph\":[{\"@type\":\"WebPage\",\"@id\":\"https:\\\/\\\/suedbayern.humanistische-union.de\\\/publikationen\\\/publikation\\\/meinungsfreiheit-und-kritik-an-der-politik-israels\\\/\",\"url\":\"https:\\\/\\\/suedbayern.humanistische-union.de\\\/publikationen\\\/publikation\\\/meinungsfreiheit-und-kritik-an-der-politik-israels\\\/\",\"name\":\"Meinungsfreiheit und Kritik an der Politik Israels - HU Bayern\",\"isPartOf\":{\"@id\":\"https:\\\/\\\/suedbayern.humanistische-union.de\\\/#website\"},\"datePublished\":\"2018-01-11T11:00:00+00:00\",\"breadcrumb\":{\"@id\":\"https:\\\/\\\/suedbayern.humanistische-union.de\\\/publikationen\\\/publikation\\\/meinungsfreiheit-und-kritik-an-der-politik-israels\\\/#breadcrumb\"},\"inLanguage\":\"de\",\"potentialAction\":[{\"@type\":\"ReadAction\",\"target\":[\"https:\\\/\\\/suedbayern.humanistische-union.de\\\/publikationen\\\/publikation\\\/meinungsfreiheit-und-kritik-an-der-politik-israels\\\/\"]}]},{\"@type\":\"BreadcrumbList\",\"@id\":\"https:\\\/\\\/suedbayern.humanistische-union.de\\\/publikationen\\\/publikation\\\/meinungsfreiheit-und-kritik-an-der-politik-israels\\\/#breadcrumb\",\"itemListElement\":[{\"@type\":\"ListItem\",\"position\":1,\"name\":\"Startseite\",\"item\":\"https:\\\/\\\/suedbayern.humanistische-union.de\\\/\"},{\"@type\":\"ListItem\",\"position\":2,\"name\":\"Publikationen\",\"item\":\"https:\\\/\\\/suedbayern.humanistische-union.de\\\/publikationen\\\/\"},{\"@type\":\"ListItem\",\"position\":3,\"name\":\"Meinungsfreiheit und Kritik an der Politik Israels\"}]},{\"@type\":\"WebSite\",\"@id\":\"https:\\\/\\\/suedbayern.humanistische-union.de\\\/#website\",\"url\":\"https:\\\/\\\/suedbayern.humanistische-union.de\\\/\",\"name\":\"HU Bayern\",\"description\":\"Eine weitere HU Network Website\",\"potentialAction\":[{\"@type\":\"SearchAction\",\"target\":{\"@type\":\"EntryPoint\",\"urlTemplate\":\"https:\\\/\\\/suedbayern.humanistische-union.de\\\/?s={search_term_string}\"},\"query-input\":{\"@type\":\"PropertyValueSpecification\",\"valueRequired\":true,\"valueName\":\"search_term_string\"}}],\"inLanguage\":\"de\"}]}<\/script>\n<!-- \/ Yoast SEO plugin. -->","yoast_head_json":{"title":"Meinungsfreiheit und Kritik an der Politik Israels - HU Bayern","robots":{"index":"index","follow":"follow","max-snippet":"max-snippet:-1","max-image-preview":"max-image-preview:large","max-video-preview":"max-video-preview:-1"},"canonical":"https:\/\/suedbayern.humanistische-union.de\/publikationen\/publikation\/meinungsfreiheit-und-kritik-an-der-politik-israels\/","og_locale":"de_DE","og_type":"article","og_title":"Meinungsfreiheit und Kritik an der Politik Israels - HU Bayern","og_description":"Meinungsfreiheit und Kritik an der Politik Israels Schon in seinem ber\u00fchmten &#8222;L\u00fcth-Urteil&#8220; von 1958 bezeichnete das BVerfG die Meinungsfreiheit als &#8222;schlechthin konstituierend&#8220; f\u00fcr eine freiheitlich-demokratische Staatsordnung (BVerfGE 7, 198 ff.). Gesch\u00fctzt werden durch dieses Grundrecht sowohl Werturteile als auch Tatsachenmitteilungen, &#8222;weil und soweit sie Voraussetzung f\u00fcr die Bildung von Meinungen&#8220; sind (BVerfGE 61, 8). Das [weiterlesen]","og_url":"https:\/\/suedbayern.humanistische-union.de\/publikationen\/publikation\/meinungsfreiheit-und-kritik-an-der-politik-israels\/","og_site_name":"HU Bayern","twitter_card":"summary_large_image","twitter_misc":{"Gesch\u00e4tzte Lesezeit":"3\u00a0Minuten"},"schema":{"@context":"https:\/\/schema.org","@graph":[{"@type":"WebPage","@id":"https:\/\/suedbayern.humanistische-union.de\/publikationen\/publikation\/meinungsfreiheit-und-kritik-an-der-politik-israels\/","url":"https:\/\/suedbayern.humanistische-union.de\/publikationen\/publikation\/meinungsfreiheit-und-kritik-an-der-politik-israels\/","name":"Meinungsfreiheit und Kritik an der Politik Israels - HU Bayern","isPartOf":{"@id":"https:\/\/suedbayern.humanistische-union.de\/#website"},"datePublished":"2018-01-11T11:00:00+00:00","breadcrumb":{"@id":"https:\/\/suedbayern.humanistische-union.de\/publikationen\/publikation\/meinungsfreiheit-und-kritik-an-der-politik-israels\/#breadcrumb"},"inLanguage":"de","potentialAction":[{"@type":"ReadAction","target":["https:\/\/suedbayern.humanistische-union.de\/publikationen\/publikation\/meinungsfreiheit-und-kritik-an-der-politik-israels\/"]}]},{"@type":"BreadcrumbList","@id":"https:\/\/suedbayern.humanistische-union.de\/publikationen\/publikation\/meinungsfreiheit-und-kritik-an-der-politik-israels\/#breadcrumb","itemListElement":[{"@type":"ListItem","position":1,"name":"Startseite","item":"https:\/\/suedbayern.humanistische-union.de\/"},{"@type":"ListItem","position":2,"name":"Publikationen","item":"https:\/\/suedbayern.humanistische-union.de\/publikationen\/"},{"@type":"ListItem","position":3,"name":"Meinungsfreiheit und Kritik an der Politik Israels"}]},{"@type":"WebSite","@id":"https:\/\/suedbayern.humanistische-union.de\/#website","url":"https:\/\/suedbayern.humanistische-union.de\/","name":"HU Bayern","description":"Eine weitere HU Network Website","potentialAction":[{"@type":"SearchAction","target":{"@type":"EntryPoint","urlTemplate":"https:\/\/suedbayern.humanistische-union.de\/?s={search_term_string}"},"query-input":{"@type":"PropertyValueSpecification","valueRequired":true,"valueName":"search_term_string"}}],"inLanguage":"de"}]}},"_links":{"self":[{"href":"https:\/\/suedbayern.humanistische-union.de\/hu-json\/wp\/v2\/publikation\/1544","targetHints":{"allow":["GET"]}}],"collection":[{"href":"https:\/\/suedbayern.humanistische-union.de\/hu-json\/wp\/v2\/publikation"}],"about":[{"href":"https:\/\/suedbayern.humanistische-union.de\/hu-json\/wp\/v2\/types\/publikation"}],"wp:attachment":[{"href":"https:\/\/suedbayern.humanistische-union.de\/hu-json\/wp\/v2\/media?parent=1544"}],"wp:term":[{"taxonomy":"category","embeddable":true,"href":"https:\/\/suedbayern.humanistische-union.de\/hu-json\/wp\/v2\/categories?post=1544"},{"taxonomy":"post_tag","embeddable":true,"href":"https:\/\/suedbayern.humanistische-union.de\/hu-json\/wp\/v2\/tags?post=1544"},{"taxonomy":"autoren","embeddable":true,"href":"https:\/\/suedbayern.humanistische-union.de\/hu-json\/wp\/v2\/autoren?post=1544"},{"taxonomy":"publikationen","embeddable":true,"href":"https:\/\/suedbayern.humanistische-union.de\/hu-json\/wp\/v2\/publikationen?post=1544"}],"curies":[{"name":"wp","href":"https:\/\/api.w.org\/{rel}","templated":true}]}}

<p><b>Meinungsfreiheit und Kritik an der Politik Israels</b></p>
<p>Schon in seinem berühmten &#8222;Lüth-Urteil&#8220; von 1958 bezeichnete das BVerfG die Meinungsfreiheit als &#8222;schlechthin konstituierend&#8220; für eine freiheitlich-demokratische Staatsordnung (BVerfGE 7, 198 ff.). Geschützt werden durch dieses Grundrecht sowohl Werturteile als auch Tatsachenmitteilungen, &#8222;weil und soweit sie Voraussetzung für die Bildung von Meinungen&#8220; sind (BVerfGE 61, 8). Das heißt im Umkehrschluss, dass &#8222;bewusst unwahre Tatsachenbehauptungen&#8220; wie z. B. die Leugnung des Holocaust nicht geschützt sind (und in diesem Fall in Deutschland sogar gemäß § 130 Abs. 3 StGB unter Strafe stehen).  </p>
<p>Geschützt sind Meinungsäußerungen unabhängig davon, ob sie begründet oder unbegründet, emotional oder rational, wertvoll oder wertlos, sachlich oder polemisch sind (vgl. z. B. BVerfGE 90, 247).   </p>
<p>Ein Eingriff in das Grundrecht liegt nicht nur dann vor, wenn eine Meinungsäußerung verboten wird, sondern auch dann, wenn die Grundrechtswahrnehmung behindert oder nachteilige Rechtsfolgen daran geknüpft werden (vgl. z. B. BVerfGE 86, 128). Der Grundrechtsbindung unterliegt der Staat nicht nur bei hoheitsrechtlichem Handeln, sondern auch, wenn er in Formen des Privatrechts agiert (vgl. BVerfGE 128, 226 &#8211; Fraport). Das ist z. B. der Fall, wenn eine Gemeinde unter Hinweis auf zu erwartende missliebige Meinungsäußerungen die Vermietung eines Veranstaltungsraums verweigert.</p>
<p>Wie alle anderen Grundrechte mit Ausnahme der Menschenwürdegarantie unterliegt auch die Meinungsfreiheit Beschränkungen. Diese ergeben sich aus der sog. Schrankentrias des Art. 5 Abs. 2 GG: Die Meinungsfreiheit kann nur eingeschränkt werden, sofern es allgemeine Gesetze, das Recht der persönlichen Ehre oder die gesetzlichen Bestimmungen zum Jugendschutz erfordern.  </p>
<p>Als &#8222;allgemeine Gesetze&#8220; im Sinne dieser Bestimmung gelten insbesondere die Straftatbestände der Beleidigung, üblen Nachrede und Verleumdung (§§ 185 ff. StGB) sowie die verschiedenen Tatbestände der Volksverhetzung (§ 130 StGB mit Ausnahme des Abs. 4 dieser Norm, der die Billigung des NS-Terrorregimes unter Strafe stellt; dazu BVerfGE 124, 300 &#8211; Wunsiedel). Nicht jede, auch polemische Kritik am Handeln einer Person ist schon eine Beleidigung, vielmehr müssen alle diese Tatbestände &#8222;im Lichte des Grundrechts&#8220; interpretiert werden. Um eine unzulässige &#8222;Schmähkritik&#8220; handelt es sich erst, wenn nicht die Auseinandersetzung in der Sache, sondern das gezielte Verächtlichmachen der betreffenden Person oder Personengruppe im Vordergrund steht (nicht z. B. bei der Aussage &#8222;Soldaten sind Mörder!&#8220; als Kritik am Waffenhandwerk, BVerfGE 93, 266). Um eine Schmähung handelt es sich z. B., wenn &#8222;die Juden&#8220; als minderwertige Menschen abqualifiziert und verantwortlich für viele Übel dieser Welt gemacht werden. Solche Schmähungen sind Ausdruck von Antisemitismus, sie können unter bestimmten Voraussetzungen als Volksverhetzung gemäß § 130 Abs. 1 StGB strafbar sein.</p>
<p><i>Nicht</i> als Antisemitismus zu werten ist hingegen Kritik an der Missachtung von Völkerrecht und Menschenrechten durch die gegenwärtige Politik des Staates Israel, insbesondere etwa durch die Besetzung palästinensischer Gebiete und den dortigen Siedlungsbau. Immerhin bewegt sich diese Kritik in Einklang mit zahlreichen Stellungnahmen von UNO-Organen, u. a. auch dem Gutachten des IGH von 2004 zum Mauerbau auf palästinensischem Gebiet. Die vom Bundestag proklamierte <i>&#8222;Solidarität mit Israel als Bestandteil der Staatsräson Deutschlands aufgrund seiner besonderen Geschichte&#8220;</i> hat politischen Appellcharakter, aber keinen Gesetzesrang und ist schon deshalb auch keine verfassungsrechtlich tragfähige Grundlage für eine Einschränkung der Meinungsfreiheit. Wer hingegen meint, die Meinungsfreiheit aufgrund politischer Rücksichtnahme beschränken zu dürfen oder zu müssen, gefährdet den Geltungsanspruch dieses Grundrechts und die Freiheit der politischen Auseinandersetzung als Grundlage des demokratischen Prozesses.</p>
<p>Bundesvorstand der Humanistischen Union im November 2017</p>
<p>(Mehr Einzelheiten zum Grundrecht der Meinungsfreiheit bei Dieter Grimm, Die Meinungsfreiheit in der Rechtsprechung des Bundesverfassungsgerichts, NJW 1995, S. 1697 ff.; Andreas Fisahn/Martin Kutscha, Verfassungsrecht konkret. Die Grundrechte, 3. Aufl. Berlin 2018 unter F).   </p>

<!-- This site is optimized with the Yoast SEO plugin v28.4 - https://yoast.com/product/yoast-seo-wordpress/ -->
<title>Meinungsfreiheit und Kritik an der Politik Israels - HU Bayern</title>
<meta name="robots" content="index, follow, max-snippet:-1, max-image-preview:large, max-video-preview:-1" />
<link rel="canonical" href="https://suedbayern.humanistische-union.de/publikationen/publikation/meinungsfreiheit-und-kritik-an-der-politik-israels/" />
<meta property="og:locale" content="de_DE" />
<meta property="og:type" content="article" />
<meta property="og:title" content="Meinungsfreiheit und Kritik an der Politik Israels - HU Bayern" />
<meta property="og:description" content="Meinungsfreiheit und Kritik an der Politik Israels Schon in seinem berühmten &#8222;Lüth-Urteil&#8220; von 1958 bezeichnete das BVerfG die Meinungsfreiheit als &#8222;schlechthin konstituierend&#8220; für eine freiheitlich-demokratische Staatsordnung (BVerfGE 7, 198 ff.). Geschützt werden durch dieses Grundrecht sowohl Werturteile als auch Tatsachenmitteilungen, &#8222;weil und soweit sie Voraussetzung für die Bildung von Meinungen&#8220; sind (BVerfGE 61, 8). Das [weiterlesen]" />
<meta property="og:url" content="https://suedbayern.humanistische-union.de/publikationen/publikation/meinungsfreiheit-und-kritik-an-der-politik-israels/" />
<meta property="og:site_name" content="HU Bayern" />
<meta name="twitter:card" content="summary_large_image" />
<meta name="twitter:label1" content="Geschätzte Lesezeit" />
	<meta name="twitter:data1" content="3 Minuten" />
<script type="application/ld+json" class="yoast-schema-graph">{"@context":"https:\/\/schema.org","@graph":[{"@type":"WebPage","@id":"https:\/\/suedbayern.humanistische-union.de\/publikationen\/publikation\/meinungsfreiheit-und-kritik-an-der-politik-israels\/","url":"https:\/\/suedbayern.humanistische-union.de\/publikationen\/publikation\/meinungsfreiheit-und-kritik-an-der-politik-israels\/","name":"Meinungsfreiheit und Kritik an der Politik Israels - HU Bayern","isPartOf":{"@id":"https:\/\/suedbayern.humanistische-union.de\/#website"},"datePublished":"2018-01-11T11:00:00+00:00","breadcrumb":{"@id":"https:\/\/suedbayern.humanistische-union.de\/publikationen\/publikation\/meinungsfreiheit-und-kritik-an-der-politik-israels\/#breadcrumb"},"inLanguage":"de","potentialAction":[{"@type":"ReadAction","target":["https:\/\/suedbayern.humanistische-union.de\/publikationen\/publikation\/meinungsfreiheit-und-kritik-an-der-politik-israels\/"]}]},{"@type":"BreadcrumbList","@id":"https:\/\/suedbayern.humanistische-union.de\/publikationen\/publikation\/meinungsfreiheit-und-kritik-an-der-politik-israels\/#breadcrumb","itemListElement":[{"@type":"ListItem","position":1,"name":"Startseite","item":"https:\/\/suedbayern.humanistische-union.de\/"},{"@type":"ListItem","position":2,"name":"Publikationen","item":"https:\/\/suedbayern.humanistische-union.de\/publikationen\/"},{"@type":"ListItem","position":3,"name":"Meinungsfreiheit und Kritik an der Politik Israels"}]},{"@type":"WebSite","@id":"https:\/\/suedbayern.humanistische-union.de\/#website","url":"https:\/\/suedbayern.humanistische-union.de\/","name":"HU Bayern","description":"Eine weitere HU Network Website","potentialAction":[{"@type":"SearchAction","target":{"@type":"EntryPoint","urlTemplate":"https:\/\/suedbayern.humanistische-union.de\/?s={search_term_string}"},"query-input":{"@type":"PropertyValueSpecification","valueRequired":true,"valueName":"search_term_string"}}],"inLanguage":"de"}]}</script>
<!-- / Yoast SEO plugin. -->

Meinungsfreiheit und Kritik an der Politik Israels Schon in seinem berühmten &#8222;Lüth-Urteil&#8220; von 1958 bezeichnete das BVerfG die Meinungsfreiheit als &#8222;schlechthin konstituierend&#8220; für eine freiheitlich-demokratische Staatsordnung (BVerfGE 7, 198 ff.). Geschützt werden durch dieses Grundrecht sowohl Werturteile als auch Tatsachenmitteilungen, &#8222;weil und soweit sie Voraussetzung für die Bildung von Meinungen&#8220; sind (BVerfGE 61, 8). Das [weiterlesen]
