{"id":587,"date":"2019-12-03T12:00:00","date_gmt":"2019-12-03T11:00:00","guid":{"rendered":"http:\/\/suedbayern.humanistische-union.de\/veranstaltungen\/termin\/veranstaltung-zum-massregelvollzug-faellt-aus\/"},"modified":"2019-12-03T12:00:00","modified_gmt":"2019-12-03T11:00:00","slug":"veranstaltung-zum-massregelvollzug-faellt-aus","status":"publish","type":"termin","link":"https:\/\/suedbayern.humanistische-union.de\/veranstaltungen\/2019\/veranstaltung-zum-massregelvollzug-faellt-aus\/","title":{"rendered":"Veranstaltung zum Ma\u00dfregelvollzug f\u00e4llt aus"},"content":{"rendered":"<p>Die f\u00fcr den 13. Dezember 2019 geplante Veranstaltung zur  &#8222;Praxis im Sicherungsverfahren und im Ma\u00dfregelvollzug&#8220; (StGB \u00a7 63, Unterbringung in einem psychiatrischen Krankenhaus) am 13. Dezember 2019 mit RA Tronje D\u00f6hmer,<\/p>\n<p>Gie\u00dfen, zusammen mit der Initiative Bayerischer Strafverteidiger\/innen e.V.  wird leider nicht stattfinden. Der Referent hat seine Zusage zur\u00fcckgezogen.<\/p>\n<p>Wir bem\u00fchen uns, das Thema zu einem sp\u00e4teren Zeitpunkt, wieder zusammen<\/p>\n<p>mit der Initiative Bayerischer Strafverteidiger\/innen e.V., in einer \u00f6ffentlichen Veranstaltung zur Diskussion zu stellen.<\/p>\n","protected":false},"featured_media":0,"template":"","categories":[],"tags":[153,14,27,34,152],"autoren":[10],"class_list":["post-587","termin","type-termin","status-publish","hentry","tag-gefangenenarbeit","tag-muenchen-termine","tag-rechtspolitik","tag-soziale-grundrechte","tag-strafen","autoren-wolfgang-killinger"],"acf":[],"yoast_head":"<!-- This site is optimized with the Yoast SEO plugin v28.4 - https:\/\/yoast.com\/product\/yoast-seo-wordpress\/ -->\n<title>Veranstaltung zum Ma\u00dfregelvollzug f\u00e4llt aus - HU Bayern<\/title>\n<meta name=\"robots\" content=\"index, follow, max-snippet:-1, max-image-preview:large, max-video-preview:-1\" \/>\n<link rel=\"canonical\" href=\"https:\/\/suedbayern.humanistische-union.de\/veranstaltungen\/2019\/veranstaltung-zum-massregelvollzug-faellt-aus\/\" \/>\n<meta property=\"og:locale\" content=\"de_DE\" \/>\n<meta property=\"og:type\" content=\"article\" \/>\n<meta property=\"og:title\" content=\"Veranstaltung zum Ma\u00dfregelvollzug f\u00e4llt aus - HU Bayern\" \/>\n<meta property=\"og:description\" content=\"Die f\u00fcr den 13. Dezember 2019 geplante Veranstaltung zur &#8222;Praxis im Sicherungsverfahren und im Ma\u00dfregelvollzug&#8220; (StGB \u00a7 63, Unterbringung in einem psychiatrischen Krankenhaus) am 13. Dezember 2019 mit RA Tronje D\u00f6hmer, Gie\u00dfen, zusammen mit der Initiative Bayerischer Strafverteidiger\/innen e.V. wird leider nicht stattfinden. Der Referent hat seine Zusage zur\u00fcckgezogen. Wir bem\u00fchen uns, das Thema zu [weiterlesen]\" \/>\n<meta property=\"og:url\" content=\"https:\/\/suedbayern.humanistische-union.de\/veranstaltungen\/2019\/veranstaltung-zum-massregelvollzug-faellt-aus\/\" \/>\n<meta property=\"og:site_name\" content=\"HU Bayern\" \/>\n<meta name=\"twitter:card\" content=\"summary_large_image\" \/>\n<script type=\"application\/ld+json\" class=\"yoast-schema-graph\">{\"@context\":\"https:\\\/\\\/schema.org\",\"@graph\":[{\"@type\":\"WebPage\",\"@id\":\"https:\\\/\\\/suedbayern.humanistische-union.de\\\/veranstaltungen\\\/2019\\\/veranstaltung-zum-massregelvollzug-faellt-aus\\\/\",\"url\":\"https:\\\/\\\/suedbayern.humanistische-union.de\\\/veranstaltungen\\\/2019\\\/veranstaltung-zum-massregelvollzug-faellt-aus\\\/\",\"name\":\"Veranstaltung zum Ma\u00dfregelvollzug f\u00e4llt aus - HU Bayern\",\"isPartOf\":{\"@id\":\"https:\\\/\\\/suedbayern.humanistische-union.de\\\/#website\"},\"datePublished\":\"2019-12-03T11:00:00+00:00\",\"breadcrumb\":{\"@id\":\"https:\\\/\\\/suedbayern.humanistische-union.de\\\/veranstaltungen\\\/2019\\\/veranstaltung-zum-massregelvollzug-faellt-aus\\\/#breadcrumb\"},\"inLanguage\":\"de\",\"potentialAction\":[{\"@type\":\"ReadAction\",\"target\":[\"https:\\\/\\\/suedbayern.humanistische-union.de\\\/veranstaltungen\\\/2019\\\/veranstaltung-zum-massregelvollzug-faellt-aus\\\/\"]}]},{\"@type\":\"BreadcrumbList\",\"@id\":\"https:\\\/\\\/suedbayern.humanistische-union.de\\\/veranstaltungen\\\/2019\\\/veranstaltung-zum-massregelvollzug-faellt-aus\\\/#breadcrumb\",\"itemListElement\":[{\"@type\":\"ListItem\",\"position\":1,\"name\":\"Startseite\",\"item\":\"https:\\\/\\\/suedbayern.humanistische-union.de\\\/\"},{\"@type\":\"ListItem\",\"position\":2,\"name\":\"Termine\",\"item\":\"https:\\\/\\\/suedbayern.humanistische-union.de\\\/termine\\\/%year%\\\/\"},{\"@type\":\"ListItem\",\"position\":3,\"name\":\"Veranstaltung zum Ma\u00dfregelvollzug f\u00e4llt aus\"}]},{\"@type\":\"WebSite\",\"@id\":\"https:\\\/\\\/suedbayern.humanistische-union.de\\\/#website\",\"url\":\"https:\\\/\\\/suedbayern.humanistische-union.de\\\/\",\"name\":\"HU Bayern\",\"description\":\"Eine weitere HU Network Website\",\"potentialAction\":[{\"@type\":\"SearchAction\",\"target\":{\"@type\":\"EntryPoint\",\"urlTemplate\":\"https:\\\/\\\/suedbayern.humanistische-union.de\\\/?s={search_term_string}\"},\"query-input\":{\"@type\":\"PropertyValueSpecification\",\"valueRequired\":true,\"valueName\":\"search_term_string\"}}],\"inLanguage\":\"de\"}]}<\/script>\n<!-- \/ Yoast SEO plugin. -->","yoast_head_json":{"title":"Veranstaltung zum Ma\u00dfregelvollzug f\u00e4llt aus - HU Bayern","robots":{"index":"index","follow":"follow","max-snippet":"max-snippet:-1","max-image-preview":"max-image-preview:large","max-video-preview":"max-video-preview:-1"},"canonical":"https:\/\/suedbayern.humanistische-union.de\/veranstaltungen\/2019\/veranstaltung-zum-massregelvollzug-faellt-aus\/","og_locale":"de_DE","og_type":"article","og_title":"Veranstaltung zum Ma\u00dfregelvollzug f\u00e4llt aus - HU Bayern","og_description":"Die f\u00fcr den 13. Dezember 2019 geplante Veranstaltung zur &#8222;Praxis im Sicherungsverfahren und im Ma\u00dfregelvollzug&#8220; (StGB \u00a7 63, Unterbringung in einem psychiatrischen Krankenhaus) am 13. Dezember 2019 mit RA Tronje D\u00f6hmer, Gie\u00dfen, zusammen mit der Initiative Bayerischer Strafverteidiger\/innen e.V. wird leider nicht stattfinden. Der Referent hat seine Zusage zur\u00fcckgezogen. Wir bem\u00fchen uns, das Thema zu [weiterlesen]","og_url":"https:\/\/suedbayern.humanistische-union.de\/veranstaltungen\/2019\/veranstaltung-zum-massregelvollzug-faellt-aus\/","og_site_name":"HU Bayern","twitter_card":"summary_large_image","schema":{"@context":"https:\/\/schema.org","@graph":[{"@type":"WebPage","@id":"https:\/\/suedbayern.humanistische-union.de\/veranstaltungen\/2019\/veranstaltung-zum-massregelvollzug-faellt-aus\/","url":"https:\/\/suedbayern.humanistische-union.de\/veranstaltungen\/2019\/veranstaltung-zum-massregelvollzug-faellt-aus\/","name":"Veranstaltung zum Ma\u00dfregelvollzug f\u00e4llt aus - HU Bayern","isPartOf":{"@id":"https:\/\/suedbayern.humanistische-union.de\/#website"},"datePublished":"2019-12-03T11:00:00+00:00","breadcrumb":{"@id":"https:\/\/suedbayern.humanistische-union.de\/veranstaltungen\/2019\/veranstaltung-zum-massregelvollzug-faellt-aus\/#breadcrumb"},"inLanguage":"de","potentialAction":[{"@type":"ReadAction","target":["https:\/\/suedbayern.humanistische-union.de\/veranstaltungen\/2019\/veranstaltung-zum-massregelvollzug-faellt-aus\/"]}]},{"@type":"BreadcrumbList","@id":"https:\/\/suedbayern.humanistische-union.de\/veranstaltungen\/2019\/veranstaltung-zum-massregelvollzug-faellt-aus\/#breadcrumb","itemListElement":[{"@type":"ListItem","position":1,"name":"Startseite","item":"https:\/\/suedbayern.humanistische-union.de\/"},{"@type":"ListItem","position":2,"name":"Termine","item":"https:\/\/suedbayern.humanistische-union.de\/termine\/%year%\/"},{"@type":"ListItem","position":3,"name":"Veranstaltung zum Ma\u00dfregelvollzug f\u00e4llt aus"}]},{"@type":"WebSite","@id":"https:\/\/suedbayern.humanistische-union.de\/#website","url":"https:\/\/suedbayern.humanistische-union.de\/","name":"HU Bayern","description":"Eine weitere HU Network Website","potentialAction":[{"@type":"SearchAction","target":{"@type":"EntryPoint","urlTemplate":"https:\/\/suedbayern.humanistische-union.de\/?s={search_term_string}"},"query-input":{"@type":"PropertyValueSpecification","valueRequired":true,"valueName":"search_term_string"}}],"inLanguage":"de"}]}},"_links":{"self":[{"href":"https:\/\/suedbayern.humanistische-union.de\/hu-json\/wp\/v2\/termin\/587","targetHints":{"allow":["GET"]}}],"collection":[{"href":"https:\/\/suedbayern.humanistische-union.de\/hu-json\/wp\/v2\/termin"}],"about":[{"href":"https:\/\/suedbayern.humanistische-union.de\/hu-json\/wp\/v2\/types\/termin"}],"wp:attachment":[{"href":"https:\/\/suedbayern.humanistische-union.de\/hu-json\/wp\/v2\/media?parent=587"}],"wp:term":[{"taxonomy":"category","embeddable":true,"href":"https:\/\/suedbayern.humanistische-union.de\/hu-json\/wp\/v2\/categories?post=587"},{"taxonomy":"post_tag","embeddable":true,"href":"https:\/\/suedbayern.humanistische-union.de\/hu-json\/wp\/v2\/tags?post=587"},{"taxonomy":"autoren","embeddable":true,"href":"https:\/\/suedbayern.humanistische-union.de\/hu-json\/wp\/v2\/autoren?post=587"}],"curies":[{"name":"wp","href":"https:\/\/api.w.org\/{rel}","templated":true}]}}

Veranstaltung zum Maßregelvollzug fällt aus

<p>Die für den 13. Dezember 2019 geplante Veranstaltung zur  &#8222;Praxis im Sicherungsverfahren und im Maßregelvollzug&#8220; (StGB § 63, Unterbringung in einem psychiatrischen Krankenhaus) am 13. Dezember 2019 mit RA Tronje Döhmer,</p>
<p>Gießen, zusammen mit der Initiative Bayerischer Strafverteidiger/innen e.V.  wird leider nicht stattfinden. Der Referent hat seine Zusage zurückgezogen.</p>
<p>Wir bemühen uns, das Thema zu einem späteren Zeitpunkt, wieder zusammen</p>
<p>mit der Initiative Bayerischer Strafverteidiger/innen e.V., in einer öffentlichen Veranstaltung zur Diskussion zu stellen.</p>

<!-- This site is optimized with the Yoast SEO plugin v28.4 - https://yoast.com/product/yoast-seo-wordpress/ -->
<title>Veranstaltung zum Maßregelvollzug fällt aus - HU Bayern</title>
<meta name="robots" content="index, follow, max-snippet:-1, max-image-preview:large, max-video-preview:-1" />
<link rel="canonical" href="https://suedbayern.humanistische-union.de/veranstaltungen/2019/veranstaltung-zum-massregelvollzug-faellt-aus/" />
<meta property="og:locale" content="de_DE" />
<meta property="og:type" content="article" />
<meta property="og:title" content="Veranstaltung zum Maßregelvollzug fällt aus - HU Bayern" />
<meta property="og:description" content="Die für den 13. Dezember 2019 geplante Veranstaltung zur &#8222;Praxis im Sicherungsverfahren und im Maßregelvollzug&#8220; (StGB § 63, Unterbringung in einem psychiatrischen Krankenhaus) am 13. Dezember 2019 mit RA Tronje Döhmer, Gießen, zusammen mit der Initiative Bayerischer Strafverteidiger/innen e.V. wird leider nicht stattfinden. Der Referent hat seine Zusage zurückgezogen. Wir bemühen uns, das Thema zu [weiterlesen]" />
<meta property="og:url" content="https://suedbayern.humanistische-union.de/veranstaltungen/2019/veranstaltung-zum-massregelvollzug-faellt-aus/" />
<meta property="og:site_name" content="HU Bayern" />
<meta name="twitter:card" content="summary_large_image" />
<script type="application/ld+json" class="yoast-schema-graph">{"@context":"https:\/\/schema.org","@graph":[{"@type":"WebPage","@id":"https:\/\/suedbayern.humanistische-union.de\/veranstaltungen\/2019\/veranstaltung-zum-massregelvollzug-faellt-aus\/","url":"https:\/\/suedbayern.humanistische-union.de\/veranstaltungen\/2019\/veranstaltung-zum-massregelvollzug-faellt-aus\/","name":"Veranstaltung zum Maßregelvollzug fällt aus - HU Bayern","isPartOf":{"@id":"https:\/\/suedbayern.humanistische-union.de\/#website"},"datePublished":"2019-12-03T11:00:00+00:00","breadcrumb":{"@id":"https:\/\/suedbayern.humanistische-union.de\/veranstaltungen\/2019\/veranstaltung-zum-massregelvollzug-faellt-aus\/#breadcrumb"},"inLanguage":"de","potentialAction":[{"@type":"ReadAction","target":["https:\/\/suedbayern.humanistische-union.de\/veranstaltungen\/2019\/veranstaltung-zum-massregelvollzug-faellt-aus\/"]}]},{"@type":"BreadcrumbList","@id":"https:\/\/suedbayern.humanistische-union.de\/veranstaltungen\/2019\/veranstaltung-zum-massregelvollzug-faellt-aus\/#breadcrumb","itemListElement":[{"@type":"ListItem","position":1,"name":"Startseite","item":"https:\/\/suedbayern.humanistische-union.de\/"},{"@type":"ListItem","position":2,"name":"Termine","item":"https:\/\/suedbayern.humanistische-union.de\/termine\/%year%\/"},{"@type":"ListItem","position":3,"name":"Veranstaltung zum Maßregelvollzug fällt aus"}]},{"@type":"WebSite","@id":"https:\/\/suedbayern.humanistische-union.de\/#website","url":"https:\/\/suedbayern.humanistische-union.de\/","name":"HU Bayern","description":"Eine weitere HU Network Website","potentialAction":[{"@type":"SearchAction","target":{"@type":"EntryPoint","urlTemplate":"https:\/\/suedbayern.humanistische-union.de\/?s={search_term_string}"},"query-input":{"@type":"PropertyValueSpecification","valueRequired":true,"valueName":"search_term_string"}}],"inLanguage":"de"}]}</script>
<!-- / Yoast SEO plugin. -->

Veranstaltung zum Maßregelvollzug fällt aus - HU Bayern

Die für den 13. Dezember 2019 geplante Veranstaltung zur &#8222;Praxis im Sicherungsverfahren und im Maßregelvollzug&#8220; (StGB § 63, Unterbringung in einem psychiatrischen Krankenhaus) am 13. Dezember 2019 mit RA Tronje Döhmer, Gießen, zusammen mit der Initiative Bayerischer Strafverteidiger/innen e.V. wird leider nicht stattfinden. Der Referent hat seine Zusage zurückgezogen. Wir bemühen uns, das Thema zu [weiterlesen]
