{"id":609,"date":"2017-10-09T12:00:00","date_gmt":"2017-10-09T10:00:00","guid":{"rendered":"http:\/\/suedbayern.humanistische-union.de\/veranstaltungen\/termin\/unrecht-in-der-arbeitswelt-gesellschaftliche-sozialpsychologische-hintergruende\/"},"modified":"2017-10-09T12:00:00","modified_gmt":"2017-10-09T10:00:00","slug":"unrecht-in-der-arbeitswelt-gesellschaftliche-sozialpsychologische-hintergruende","status":"publish","type":"termin","link":"https:\/\/suedbayern.humanistische-union.de\/veranstaltungen\/2017\/unrecht-in-der-arbeitswelt-gesellschaftliche-sozialpsychologische-hintergruende\/","title":{"rendered":"Unrecht in der Arbeitswelt \u0096 Gesellschaftliche &amp; sozialpsychologische Hintergr\u00fcnde"},"content":{"rendered":"<p>Wir laden Sie ein zu einem Vortrag\u00a0von <b>Prof. Dr. Klaus Weber*<\/b><\/p>\n<h4>Unrecht in der Arbeitswelt &ndash; <br \/>Gesell&shy;schaft&shy;liche &amp; sozial&shy;psy&shy;cho&shy;lo&shy;gi&shy;sche Hinter&shy;gr&uuml;nde<\/h4>\n<h5>am 9. Oktober 2017, 19:30 Uhr, Gewerk&shy;schafts&shy;haus; Schwan&shy;tha&shy;ler&shy;stra&szlig;e 64, 80336 M&uuml;nchen&nbsp; <\/h5>\n<p>\u00a0\u00a0\u00a0 Die Verh\u00e4ltnisse der Arbeitswelt werden in den Medien nur selten zum Thema gemacht. Einzig, wenn in Tarifverhandlungen auch Aspekte von Gesundheit, Arbeitszeit, menschengerechte Arbeitspl\u00e4tze etc. von den Gewerkschaften eingefordert werden, wird dar\u00fcber berichtet. Bestes Beispiel daf\u00fcr war der lang dauernde Streik der ErzieherInnen, welche die k\u00f6rperlichen, sozialen und psychischen Belastungen in ihrer t\u00e4glichen Arbeit mit Kindern in den Mittelpunkt der Streik-Kampagne stellen konnten.<\/p>\n<p>\u00a0\u00a0\u00a0 Das allt\u00e4gliche Unrecht dagegen &#8211; man kann es auch strukturelle Kriminalit\u00e4t durch Arbeitgeber nennen &#8211; wird selten oder nie in den Schlagzeilen verhandelt; ist es doch die Grundlage f\u00fcr eine hohe Profitrate und das Wohlergehen des &#8222;Standorts Deutschland&#8220;.<\/p>\n<p>Schikanen durch Vorgesetzte, Mobbing durch Personalabteilungen, &#8222;Arbeitsverdichtung&#8220; und die damit verbundene psychische Belastung fast aller ArbeitnehmerInnen stehen auf der Tagesordnung in vielen &#8211; vor allem nicht tarifgebundenen &#8211; Betrieben. KollegInnen, die auf solche und andere Missst\u00e4nde hinweisen (Whistleblower), stehen (trotz unterst\u00fctzender Betriebsr\u00e4te) oft auf der K\u00fcndigungsliste der Arbeitgeber. Der Vortragende kennt dutzende von F\u00e4llen aus seiner Schulungsarbeit mit Betriebsr\u00e4tInnen\/Personalr\u00e4tInnen.<\/p>\n<p>\u00a0\u00a0\u00a0 Der Vortrag beleuchtet aus verschiedenen Perspektiven diese Themenfelder &#8211; ohne wohlfeile Rezepte anbieten zu k\u00f6nnen: In der Arbeitswelt &#8211; wie in anderen Lebensbereichen auch &#8211; sind die Betroffenen und ihre KollegInnen die ExpertInnen. Nur mit ihnen gemeinsam k\u00f6nnen Wege f\u00fcr eine gerechtere Arbeitswelt gefunden werden.<\/p>\n<p><b>*Prof. Dr. Klaus Weber <\/b>lehrt an der Hochschule f\u00fcr angewandte Wissenschaften M\u00fcnchen, Fakult\u00e4t f\u00fcr angewandte Sozialwissenschaften. Schwerpunkte seiner Arbeit sind Sozialpsychologie, Soziale Arbeit und Faschismus, Resozialisierung sowie Subjekt und Gesellschaft, Gesellschaftskritik.<\/p>\n<p><b>Nach seinem Referat besteht Gelegenheit zur Diskussion.<\/b><\/p>\n<p><b>Eintritt ist frei, um Spenden wird gebeten.<br \/><\/b><\/p>\n","protected":false},"featured_media":0,"template":"","categories":[],"tags":[43,167,14,27,17],"autoren":[10],"class_list":["post-609","termin","type-termin","status-publish","hentry","tag-arbeitswelt","tag-datenschutz-anonymitaet","tag-muenchen-termine","tag-rechtspolitik","tag-unrecht-widerstand","autoren-wolfgang-killinger"],"acf":[],"yoast_head":"<!-- This site is optimized with the Yoast SEO plugin v28.4 - https:\/\/yoast.com\/product\/yoast-seo-wordpress\/ -->\n<title>Unrecht in der Arbeitswelt \u0096 Gesellschaftliche &amp; sozialpsychologische Hintergr\u00fcnde - HU Bayern<\/title>\n<meta name=\"robots\" content=\"index, follow, max-snippet:-1, max-image-preview:large, max-video-preview:-1\" \/>\n<link rel=\"canonical\" href=\"https:\/\/suedbayern.humanistische-union.de\/veranstaltungen\/2017\/unrecht-in-der-arbeitswelt-gesellschaftliche-sozialpsychologische-hintergruende\/\" \/>\n<meta property=\"og:locale\" content=\"de_DE\" \/>\n<meta property=\"og:type\" content=\"article\" \/>\n<meta property=\"og:title\" content=\"Unrecht in der Arbeitswelt \u0096 Gesellschaftliche &amp; sozialpsychologische Hintergr\u00fcnde - HU Bayern\" \/>\n<meta property=\"og:description\" content=\"Wir laden Sie ein zu einem Vortrag\u00a0von Prof. Dr. Klaus Weber* Unrecht in der Arbeitswelt &ndash; Gesell&shy;schaft&shy;liche &amp; sozial&shy;psy&shy;cho&shy;lo&shy;gi&shy;sche Hinter&shy;gr&uuml;nde am 9. Oktober 2017, 19:30 Uhr, Gewerk&shy;schafts&shy;haus; Schwan&shy;tha&shy;ler&shy;stra&szlig;e 64, 80336 M&uuml;nchen&nbsp; \u00a0\u00a0\u00a0 Die Verh\u00e4ltnisse der Arbeitswelt werden in den Medien nur selten zum Thema gemacht. Einzig, wenn in Tarifverhandlungen auch Aspekte von Gesundheit, Arbeitszeit, menschengerechte [weiterlesen]\" \/>\n<meta property=\"og:url\" content=\"https:\/\/suedbayern.humanistische-union.de\/veranstaltungen\/2017\/unrecht-in-der-arbeitswelt-gesellschaftliche-sozialpsychologische-hintergruende\/\" \/>\n<meta property=\"og:site_name\" content=\"HU Bayern\" \/>\n<meta name=\"twitter:card\" content=\"summary_large_image\" \/>\n<meta name=\"twitter:label1\" content=\"Gesch\u00e4tzte Lesezeit\" \/>\n\t<meta name=\"twitter:data1\" content=\"1\u00a0Minute\" \/>\n<script type=\"application\/ld+json\" class=\"yoast-schema-graph\">{\"@context\":\"https:\\\/\\\/schema.org\",\"@graph\":[{\"@type\":\"WebPage\",\"@id\":\"https:\\\/\\\/suedbayern.humanistische-union.de\\\/veranstaltungen\\\/2017\\\/unrecht-in-der-arbeitswelt-gesellschaftliche-sozialpsychologische-hintergruende\\\/\",\"url\":\"https:\\\/\\\/suedbayern.humanistische-union.de\\\/veranstaltungen\\\/2017\\\/unrecht-in-der-arbeitswelt-gesellschaftliche-sozialpsychologische-hintergruende\\\/\",\"name\":\"Unrecht in der Arbeitswelt \u0096 Gesellschaftliche &amp; sozialpsychologische Hintergr\u00fcnde - HU Bayern\",\"isPartOf\":{\"@id\":\"https:\\\/\\\/suedbayern.humanistische-union.de\\\/#website\"},\"datePublished\":\"2017-10-09T10:00:00+00:00\",\"breadcrumb\":{\"@id\":\"https:\\\/\\\/suedbayern.humanistische-union.de\\\/veranstaltungen\\\/2017\\\/unrecht-in-der-arbeitswelt-gesellschaftliche-sozialpsychologische-hintergruende\\\/#breadcrumb\"},\"inLanguage\":\"de\",\"potentialAction\":[{\"@type\":\"ReadAction\",\"target\":[\"https:\\\/\\\/suedbayern.humanistische-union.de\\\/veranstaltungen\\\/2017\\\/unrecht-in-der-arbeitswelt-gesellschaftliche-sozialpsychologische-hintergruende\\\/\"]}]},{\"@type\":\"BreadcrumbList\",\"@id\":\"https:\\\/\\\/suedbayern.humanistische-union.de\\\/veranstaltungen\\\/2017\\\/unrecht-in-der-arbeitswelt-gesellschaftliche-sozialpsychologische-hintergruende\\\/#breadcrumb\",\"itemListElement\":[{\"@type\":\"ListItem\",\"position\":1,\"name\":\"Startseite\",\"item\":\"https:\\\/\\\/suedbayern.humanistische-union.de\\\/\"},{\"@type\":\"ListItem\",\"position\":2,\"name\":\"Termine\",\"item\":\"https:\\\/\\\/suedbayern.humanistische-union.de\\\/termine\\\/%year%\\\/\"},{\"@type\":\"ListItem\",\"position\":3,\"name\":\"Unrecht in der Arbeitswelt \u0096 Gesellschaftliche &amp; sozialpsychologische Hintergr\u00fcnde\"}]},{\"@type\":\"WebSite\",\"@id\":\"https:\\\/\\\/suedbayern.humanistische-union.de\\\/#website\",\"url\":\"https:\\\/\\\/suedbayern.humanistische-union.de\\\/\",\"name\":\"HU Bayern\",\"description\":\"Eine weitere HU Network Website\",\"potentialAction\":[{\"@type\":\"SearchAction\",\"target\":{\"@type\":\"EntryPoint\",\"urlTemplate\":\"https:\\\/\\\/suedbayern.humanistische-union.de\\\/?s={search_term_string}\"},\"query-input\":{\"@type\":\"PropertyValueSpecification\",\"valueRequired\":true,\"valueName\":\"search_term_string\"}}],\"inLanguage\":\"de\"}]}<\/script>\n<!-- \/ Yoast SEO plugin. -->","yoast_head_json":{"title":"Unrecht in der Arbeitswelt \u0096 Gesellschaftliche &amp; sozialpsychologische Hintergr\u00fcnde - HU Bayern","robots":{"index":"index","follow":"follow","max-snippet":"max-snippet:-1","max-image-preview":"max-image-preview:large","max-video-preview":"max-video-preview:-1"},"canonical":"https:\/\/suedbayern.humanistische-union.de\/veranstaltungen\/2017\/unrecht-in-der-arbeitswelt-gesellschaftliche-sozialpsychologische-hintergruende\/","og_locale":"de_DE","og_type":"article","og_title":"Unrecht in der Arbeitswelt \u0096 Gesellschaftliche &amp; sozialpsychologische Hintergr\u00fcnde - HU Bayern","og_description":"Wir laden Sie ein zu einem Vortrag\u00a0von Prof. Dr. Klaus Weber* Unrecht in der Arbeitswelt &ndash; Gesell&shy;schaft&shy;liche &amp; sozial&shy;psy&shy;cho&shy;lo&shy;gi&shy;sche Hinter&shy;gr&uuml;nde am 9. Oktober 2017, 19:30 Uhr, Gewerk&shy;schafts&shy;haus; Schwan&shy;tha&shy;ler&shy;stra&szlig;e 64, 80336 M&uuml;nchen&nbsp; \u00a0\u00a0\u00a0 Die Verh\u00e4ltnisse der Arbeitswelt werden in den Medien nur selten zum Thema gemacht. Einzig, wenn in Tarifverhandlungen auch Aspekte von Gesundheit, Arbeitszeit, menschengerechte [weiterlesen]","og_url":"https:\/\/suedbayern.humanistische-union.de\/veranstaltungen\/2017\/unrecht-in-der-arbeitswelt-gesellschaftliche-sozialpsychologische-hintergruende\/","og_site_name":"HU Bayern","twitter_card":"summary_large_image","twitter_misc":{"Gesch\u00e4tzte Lesezeit":"1\u00a0Minute"},"schema":{"@context":"https:\/\/schema.org","@graph":[{"@type":"WebPage","@id":"https:\/\/suedbayern.humanistische-union.de\/veranstaltungen\/2017\/unrecht-in-der-arbeitswelt-gesellschaftliche-sozialpsychologische-hintergruende\/","url":"https:\/\/suedbayern.humanistische-union.de\/veranstaltungen\/2017\/unrecht-in-der-arbeitswelt-gesellschaftliche-sozialpsychologische-hintergruende\/","name":"Unrecht in der Arbeitswelt \u0096 Gesellschaftliche &amp; sozialpsychologische Hintergr\u00fcnde - HU Bayern","isPartOf":{"@id":"https:\/\/suedbayern.humanistische-union.de\/#website"},"datePublished":"2017-10-09T10:00:00+00:00","breadcrumb":{"@id":"https:\/\/suedbayern.humanistische-union.de\/veranstaltungen\/2017\/unrecht-in-der-arbeitswelt-gesellschaftliche-sozialpsychologische-hintergruende\/#breadcrumb"},"inLanguage":"de","potentialAction":[{"@type":"ReadAction","target":["https:\/\/suedbayern.humanistische-union.de\/veranstaltungen\/2017\/unrecht-in-der-arbeitswelt-gesellschaftliche-sozialpsychologische-hintergruende\/"]}]},{"@type":"BreadcrumbList","@id":"https:\/\/suedbayern.humanistische-union.de\/veranstaltungen\/2017\/unrecht-in-der-arbeitswelt-gesellschaftliche-sozialpsychologische-hintergruende\/#breadcrumb","itemListElement":[{"@type":"ListItem","position":1,"name":"Startseite","item":"https:\/\/suedbayern.humanistische-union.de\/"},{"@type":"ListItem","position":2,"name":"Termine","item":"https:\/\/suedbayern.humanistische-union.de\/termine\/%year%\/"},{"@type":"ListItem","position":3,"name":"Unrecht in der Arbeitswelt \u0096 Gesellschaftliche &amp; sozialpsychologische Hintergr\u00fcnde"}]},{"@type":"WebSite","@id":"https:\/\/suedbayern.humanistische-union.de\/#website","url":"https:\/\/suedbayern.humanistische-union.de\/","name":"HU Bayern","description":"Eine weitere HU Network Website","potentialAction":[{"@type":"SearchAction","target":{"@type":"EntryPoint","urlTemplate":"https:\/\/suedbayern.humanistische-union.de\/?s={search_term_string}"},"query-input":{"@type":"PropertyValueSpecification","valueRequired":true,"valueName":"search_term_string"}}],"inLanguage":"de"}]}},"_links":{"self":[{"href":"https:\/\/suedbayern.humanistische-union.de\/hu-json\/wp\/v2\/termin\/609","targetHints":{"allow":["GET"]}}],"collection":[{"href":"https:\/\/suedbayern.humanistische-union.de\/hu-json\/wp\/v2\/termin"}],"about":[{"href":"https:\/\/suedbayern.humanistische-union.de\/hu-json\/wp\/v2\/types\/termin"}],"wp:attachment":[{"href":"https:\/\/suedbayern.humanistische-union.de\/hu-json\/wp\/v2\/media?parent=609"}],"wp:term":[{"taxonomy":"category","embeddable":true,"href":"https:\/\/suedbayern.humanistische-union.de\/hu-json\/wp\/v2\/categories?post=609"},{"taxonomy":"post_tag","embeddable":true,"href":"https:\/\/suedbayern.humanistische-union.de\/hu-json\/wp\/v2\/tags?post=609"},{"taxonomy":"autoren","embeddable":true,"href":"https:\/\/suedbayern.humanistische-union.de\/hu-json\/wp\/v2\/autoren?post=609"}],"curies":[{"name":"wp","href":"https:\/\/api.w.org\/{rel}","templated":true}]}}

Unrecht in der Arbeitswelt  Gesellschaftliche &amp; sozialpsychologische Hintergründe

<p>Wir laden Sie ein zu einem Vortrag von <b>Prof. Dr. Klaus Weber*</b></p>
<h4>Unrecht in der Arbeitswelt &ndash; <br />Gesell&shy;schaft&shy;liche &amp; sozial&shy;psy&shy;cho&shy;lo&shy;gi&shy;sche Hinter&shy;gr&uuml;nde</h4>
<h5>am 9. Oktober 2017, 19:30 Uhr, Gewerk&shy;schafts&shy;haus; Schwan&shy;tha&shy;ler&shy;stra&szlig;e 64, 80336 M&uuml;nchen&nbsp; </h5>
<p>    Die Verhältnisse der Arbeitswelt werden in den Medien nur selten zum Thema gemacht. Einzig, wenn in Tarifverhandlungen auch Aspekte von Gesundheit, Arbeitszeit, menschengerechte Arbeitsplätze etc. von den Gewerkschaften eingefordert werden, wird darüber berichtet. Bestes Beispiel dafür war der lang dauernde Streik der ErzieherInnen, welche die körperlichen, sozialen und psychischen Belastungen in ihrer täglichen Arbeit mit Kindern in den Mittelpunkt der Streik-Kampagne stellen konnten.</p>
<p>    Das alltägliche Unrecht dagegen &#8211; man kann es auch strukturelle Kriminalität durch Arbeitgeber nennen &#8211; wird selten oder nie in den Schlagzeilen verhandelt; ist es doch die Grundlage für eine hohe Profitrate und das Wohlergehen des &#8222;Standorts Deutschland&#8220;.</p>
<p>Schikanen durch Vorgesetzte, Mobbing durch Personalabteilungen, &#8222;Arbeitsverdichtung&#8220; und die damit verbundene psychische Belastung fast aller ArbeitnehmerInnen stehen auf der Tagesordnung in vielen &#8211; vor allem nicht tarifgebundenen &#8211; Betrieben. KollegInnen, die auf solche und andere Missstände hinweisen (Whistleblower), stehen (trotz unterstützender Betriebsräte) oft auf der Kündigungsliste der Arbeitgeber. Der Vortragende kennt dutzende von Fällen aus seiner Schulungsarbeit mit BetriebsrätInnen/PersonalrätInnen.</p>
<p>    Der Vortrag beleuchtet aus verschiedenen Perspektiven diese Themenfelder &#8211; ohne wohlfeile Rezepte anbieten zu können: In der Arbeitswelt &#8211; wie in anderen Lebensbereichen auch &#8211; sind die Betroffenen und ihre KollegInnen die ExpertInnen. Nur mit ihnen gemeinsam können Wege für eine gerechtere Arbeitswelt gefunden werden.</p>
<p><b>*Prof. Dr. Klaus Weber </b>lehrt an der Hochschule für angewandte Wissenschaften München, Fakultät für angewandte Sozialwissenschaften. Schwerpunkte seiner Arbeit sind Sozialpsychologie, Soziale Arbeit und Faschismus, Resozialisierung sowie Subjekt und Gesellschaft, Gesellschaftskritik.</p>
<p><b>Nach seinem Referat besteht Gelegenheit zur Diskussion.</b></p>
<p><b>Eintritt ist frei, um Spenden wird gebeten.<br /></b></p>

<!-- This site is optimized with the Yoast SEO plugin v28.4 - https://yoast.com/product/yoast-seo-wordpress/ -->
<title>Unrecht in der Arbeitswelt  Gesellschaftliche &amp; sozialpsychologische Hintergründe - HU Bayern</title>
<meta name="robots" content="index, follow, max-snippet:-1, max-image-preview:large, max-video-preview:-1" />
<link rel="canonical" href="https://suedbayern.humanistische-union.de/veranstaltungen/2017/unrecht-in-der-arbeitswelt-gesellschaftliche-sozialpsychologische-hintergruende/" />
<meta property="og:locale" content="de_DE" />
<meta property="og:type" content="article" />
<meta property="og:title" content="Unrecht in der Arbeitswelt  Gesellschaftliche &amp; sozialpsychologische Hintergründe - HU Bayern" />
<meta property="og:description" content="Wir laden Sie ein zu einem Vortrag von Prof. Dr. Klaus Weber* Unrecht in der Arbeitswelt &ndash; Gesell&shy;schaft&shy;liche &amp; sozial&shy;psy&shy;cho&shy;lo&shy;gi&shy;sche Hinter&shy;gr&uuml;nde am 9. Oktober 2017, 19:30 Uhr, Gewerk&shy;schafts&shy;haus; Schwan&shy;tha&shy;ler&shy;stra&szlig;e 64, 80336 M&uuml;nchen&nbsp;     Die Verhältnisse der Arbeitswelt werden in den Medien nur selten zum Thema gemacht. Einzig, wenn in Tarifverhandlungen auch Aspekte von Gesundheit, Arbeitszeit, menschengerechte [weiterlesen]" />
<meta property="og:url" content="https://suedbayern.humanistische-union.de/veranstaltungen/2017/unrecht-in-der-arbeitswelt-gesellschaftliche-sozialpsychologische-hintergruende/" />
<meta property="og:site_name" content="HU Bayern" />
<meta name="twitter:card" content="summary_large_image" />
<meta name="twitter:label1" content="Geschätzte Lesezeit" />
	<meta name="twitter:data1" content="1 Minute" />
<script type="application/ld+json" class="yoast-schema-graph">{"@context":"https:\/\/schema.org","@graph":[{"@type":"WebPage","@id":"https:\/\/suedbayern.humanistische-union.de\/veranstaltungen\/2017\/unrecht-in-der-arbeitswelt-gesellschaftliche-sozialpsychologische-hintergruende\/","url":"https:\/\/suedbayern.humanistische-union.de\/veranstaltungen\/2017\/unrecht-in-der-arbeitswelt-gesellschaftliche-sozialpsychologische-hintergruende\/","name":"Unrecht in der Arbeitswelt  Gesellschaftliche &amp; sozialpsychologische Hintergründe - HU Bayern","isPartOf":{"@id":"https:\/\/suedbayern.humanistische-union.de\/#website"},"datePublished":"2017-10-09T10:00:00+00:00","breadcrumb":{"@id":"https:\/\/suedbayern.humanistische-union.de\/veranstaltungen\/2017\/unrecht-in-der-arbeitswelt-gesellschaftliche-sozialpsychologische-hintergruende\/#breadcrumb"},"inLanguage":"de","potentialAction":[{"@type":"ReadAction","target":["https:\/\/suedbayern.humanistische-union.de\/veranstaltungen\/2017\/unrecht-in-der-arbeitswelt-gesellschaftliche-sozialpsychologische-hintergruende\/"]}]},{"@type":"BreadcrumbList","@id":"https:\/\/suedbayern.humanistische-union.de\/veranstaltungen\/2017\/unrecht-in-der-arbeitswelt-gesellschaftliche-sozialpsychologische-hintergruende\/#breadcrumb","itemListElement":[{"@type":"ListItem","position":1,"name":"Startseite","item":"https:\/\/suedbayern.humanistische-union.de\/"},{"@type":"ListItem","position":2,"name":"Termine","item":"https:\/\/suedbayern.humanistische-union.de\/termine\/%year%\/"},{"@type":"ListItem","position":3,"name":"Unrecht in der Arbeitswelt  Gesellschaftliche &amp; sozialpsychologische Hintergründe"}]},{"@type":"WebSite","@id":"https:\/\/suedbayern.humanistische-union.de\/#website","url":"https:\/\/suedbayern.humanistische-union.de\/","name":"HU Bayern","description":"Eine weitere HU Network Website","potentialAction":[{"@type":"SearchAction","target":{"@type":"EntryPoint","urlTemplate":"https:\/\/suedbayern.humanistische-union.de\/?s={search_term_string}"},"query-input":{"@type":"PropertyValueSpecification","valueRequired":true,"valueName":"search_term_string"}}],"inLanguage":"de"}]}</script>
<!-- / Yoast SEO plugin. -->

Unrecht in der Arbeitswelt  Gesellschaftliche &amp; sozialpsychologische Hintergründe - HU Bayern

Wir laden Sie ein zu einem Vortrag von Prof. Dr. Klaus Weber* Unrecht in der Arbeitswelt &ndash; Gesell&shy;schaft&shy;liche &amp; sozial&shy;psy&shy;cho&shy;lo&shy;gi&shy;sche Hinter&shy;gr&uuml;nde am 9. Oktober 2017, 19:30 Uhr, Gewerk&shy;schafts&shy;haus; Schwan&shy;tha&shy;ler&shy;stra&szlig;e 64, 80336 M&uuml;nchen&nbsp;     Die Verhältnisse der Arbeitswelt werden in den Medien nur selten zum Thema gemacht. Einzig, wenn in Tarifverhandlungen auch Aspekte von Gesundheit, Arbeitszeit, menschengerechte [weiterlesen]
