{"id":657,"date":"2012-10-10T12:00:00","date_gmt":"2012-10-10T10:00:00","guid":{"rendered":"http:\/\/suedbayern.humanistische-union.de\/veranstaltungen\/termin\/mitgliederversammlung-des-rv-muenchen-suedbayern\/"},"modified":"2012-10-10T12:00:00","modified_gmt":"2012-10-10T10:00:00","slug":"mitgliederversammlung-des-rv-muenchen-suedbayern","status":"publish","type":"termin","link":"https:\/\/suedbayern.humanistische-union.de\/veranstaltungen\/2012\/mitgliederversammlung-des-rv-muenchen-suedbayern\/","title":{"rendered":"Mitgliederversammlung des RV M\u00fcnchen-S\u00fcdbayern"},"content":{"rendered":"<p>Wir laden ein zur<\/p>\n<p><b>Mitgliederversammlung am Mittwoch, den 10. Oktober, 19:30 Uhr<\/b><\/p>\n<p>in der Seidlvilla, M\u00fcnchen, Nikolaiplatz, Raum Gorbach,<\/p>\n<p>U-Bahn U 3\/6; Station Giselastra\u00dfe<\/p>\n<p><b>Tagesordnung: <\/b><\/p>\n<p>1.\tBericht des Vorstands mit Bericht vom Verbandstag<\/p>\n<p>2.\tAussprache und Entlastung<\/p>\n<p>3.\tNeuwahl des Vorstands<\/p>\n<p>4.\tPlanung k\u00fcnftiger Projekte<\/p>\n<p>5.\tSonstiges<\/p>\n<p>Wir bitten Sie herzlich, m\u00f6glichst zahlreich zur Mitgliederversammlung zu kommen. Auch wenn nur Mitglieder des Regionalverbands abstimmen d\u00fcrfen, freuen wir uns \u00fcber den Besuch von InteressentInnen.<\/p>\n","protected":false},"featured_media":0,"template":"","categories":[],"tags":[14,154],"autoren":[10],"class_list":["post-657","termin","type-termin","status-publish","hentry","tag-muenchen-termine","tag-verband-regionen","autoren-wolfgang-killinger"],"acf":[],"yoast_head":"<!-- This site is optimized with the Yoast SEO plugin v28.4 - https:\/\/yoast.com\/product\/yoast-seo-wordpress\/ -->\n<title>Mitgliederversammlung des RV M\u00fcnchen-S\u00fcdbayern - HU Bayern<\/title>\n<meta name=\"robots\" content=\"index, follow, max-snippet:-1, max-image-preview:large, max-video-preview:-1\" \/>\n<link rel=\"canonical\" href=\"https:\/\/suedbayern.humanistische-union.de\/veranstaltungen\/2012\/mitgliederversammlung-des-rv-muenchen-suedbayern\/\" \/>\n<meta property=\"og:locale\" content=\"de_DE\" \/>\n<meta property=\"og:type\" content=\"article\" \/>\n<meta property=\"og:title\" content=\"Mitgliederversammlung des RV M\u00fcnchen-S\u00fcdbayern - HU Bayern\" \/>\n<meta property=\"og:description\" content=\"Wir laden ein zur Mitgliederversammlung am Mittwoch, den 10. Oktober, 19:30 Uhr in der Seidlvilla, M\u00fcnchen, Nikolaiplatz, Raum Gorbach, U-Bahn U 3\/6; Station Giselastra\u00dfe Tagesordnung: 1. Bericht des Vorstands mit Bericht vom Verbandstag 2. Aussprache und Entlastung 3. Neuwahl des Vorstands 4. Planung k\u00fcnftiger Projekte 5. Sonstiges Wir bitten Sie herzlich, m\u00f6glichst zahlreich zur Mitgliederversammlung [weiterlesen]\" \/>\n<meta property=\"og:url\" content=\"https:\/\/suedbayern.humanistische-union.de\/veranstaltungen\/2012\/mitgliederversammlung-des-rv-muenchen-suedbayern\/\" \/>\n<meta property=\"og:site_name\" content=\"HU Bayern\" \/>\n<meta name=\"twitter:card\" content=\"summary_large_image\" \/>\n<script type=\"application\/ld+json\" class=\"yoast-schema-graph\">{\"@context\":\"https:\\\/\\\/schema.org\",\"@graph\":[{\"@type\":\"WebPage\",\"@id\":\"https:\\\/\\\/suedbayern.humanistische-union.de\\\/veranstaltungen\\\/2012\\\/mitgliederversammlung-des-rv-muenchen-suedbayern\\\/\",\"url\":\"https:\\\/\\\/suedbayern.humanistische-union.de\\\/veranstaltungen\\\/2012\\\/mitgliederversammlung-des-rv-muenchen-suedbayern\\\/\",\"name\":\"Mitgliederversammlung des RV M\u00fcnchen-S\u00fcdbayern - HU Bayern\",\"isPartOf\":{\"@id\":\"https:\\\/\\\/suedbayern.humanistische-union.de\\\/#website\"},\"datePublished\":\"2012-10-10T10:00:00+00:00\",\"breadcrumb\":{\"@id\":\"https:\\\/\\\/suedbayern.humanistische-union.de\\\/veranstaltungen\\\/2012\\\/mitgliederversammlung-des-rv-muenchen-suedbayern\\\/#breadcrumb\"},\"inLanguage\":\"de\",\"potentialAction\":[{\"@type\":\"ReadAction\",\"target\":[\"https:\\\/\\\/suedbayern.humanistische-union.de\\\/veranstaltungen\\\/2012\\\/mitgliederversammlung-des-rv-muenchen-suedbayern\\\/\"]}]},{\"@type\":\"BreadcrumbList\",\"@id\":\"https:\\\/\\\/suedbayern.humanistische-union.de\\\/veranstaltungen\\\/2012\\\/mitgliederversammlung-des-rv-muenchen-suedbayern\\\/#breadcrumb\",\"itemListElement\":[{\"@type\":\"ListItem\",\"position\":1,\"name\":\"Startseite\",\"item\":\"https:\\\/\\\/suedbayern.humanistische-union.de\\\/\"},{\"@type\":\"ListItem\",\"position\":2,\"name\":\"Termine\",\"item\":\"https:\\\/\\\/suedbayern.humanistische-union.de\\\/termine\\\/%year%\\\/\"},{\"@type\":\"ListItem\",\"position\":3,\"name\":\"Mitgliederversammlung des RV M\u00fcnchen-S\u00fcdbayern\"}]},{\"@type\":\"WebSite\",\"@id\":\"https:\\\/\\\/suedbayern.humanistische-union.de\\\/#website\",\"url\":\"https:\\\/\\\/suedbayern.humanistische-union.de\\\/\",\"name\":\"HU Bayern\",\"description\":\"Eine weitere HU Network Website\",\"potentialAction\":[{\"@type\":\"SearchAction\",\"target\":{\"@type\":\"EntryPoint\",\"urlTemplate\":\"https:\\\/\\\/suedbayern.humanistische-union.de\\\/?s={search_term_string}\"},\"query-input\":{\"@type\":\"PropertyValueSpecification\",\"valueRequired\":true,\"valueName\":\"search_term_string\"}}],\"inLanguage\":\"de\"}]}<\/script>\n<!-- \/ Yoast SEO plugin. -->","yoast_head_json":{"title":"Mitgliederversammlung des RV M\u00fcnchen-S\u00fcdbayern - HU Bayern","robots":{"index":"index","follow":"follow","max-snippet":"max-snippet:-1","max-image-preview":"max-image-preview:large","max-video-preview":"max-video-preview:-1"},"canonical":"https:\/\/suedbayern.humanistische-union.de\/veranstaltungen\/2012\/mitgliederversammlung-des-rv-muenchen-suedbayern\/","og_locale":"de_DE","og_type":"article","og_title":"Mitgliederversammlung des RV M\u00fcnchen-S\u00fcdbayern - HU Bayern","og_description":"Wir laden ein zur Mitgliederversammlung am Mittwoch, den 10. Oktober, 19:30 Uhr in der Seidlvilla, M\u00fcnchen, Nikolaiplatz, Raum Gorbach, U-Bahn U 3\/6; Station Giselastra\u00dfe Tagesordnung: 1. Bericht des Vorstands mit Bericht vom Verbandstag 2. Aussprache und Entlastung 3. Neuwahl des Vorstands 4. Planung k\u00fcnftiger Projekte 5. Sonstiges Wir bitten Sie herzlich, m\u00f6glichst zahlreich zur Mitgliederversammlung [weiterlesen]","og_url":"https:\/\/suedbayern.humanistische-union.de\/veranstaltungen\/2012\/mitgliederversammlung-des-rv-muenchen-suedbayern\/","og_site_name":"HU Bayern","twitter_card":"summary_large_image","schema":{"@context":"https:\/\/schema.org","@graph":[{"@type":"WebPage","@id":"https:\/\/suedbayern.humanistische-union.de\/veranstaltungen\/2012\/mitgliederversammlung-des-rv-muenchen-suedbayern\/","url":"https:\/\/suedbayern.humanistische-union.de\/veranstaltungen\/2012\/mitgliederversammlung-des-rv-muenchen-suedbayern\/","name":"Mitgliederversammlung des RV M\u00fcnchen-S\u00fcdbayern - HU Bayern","isPartOf":{"@id":"https:\/\/suedbayern.humanistische-union.de\/#website"},"datePublished":"2012-10-10T10:00:00+00:00","breadcrumb":{"@id":"https:\/\/suedbayern.humanistische-union.de\/veranstaltungen\/2012\/mitgliederversammlung-des-rv-muenchen-suedbayern\/#breadcrumb"},"inLanguage":"de","potentialAction":[{"@type":"ReadAction","target":["https:\/\/suedbayern.humanistische-union.de\/veranstaltungen\/2012\/mitgliederversammlung-des-rv-muenchen-suedbayern\/"]}]},{"@type":"BreadcrumbList","@id":"https:\/\/suedbayern.humanistische-union.de\/veranstaltungen\/2012\/mitgliederversammlung-des-rv-muenchen-suedbayern\/#breadcrumb","itemListElement":[{"@type":"ListItem","position":1,"name":"Startseite","item":"https:\/\/suedbayern.humanistische-union.de\/"},{"@type":"ListItem","position":2,"name":"Termine","item":"https:\/\/suedbayern.humanistische-union.de\/termine\/%year%\/"},{"@type":"ListItem","position":3,"name":"Mitgliederversammlung des RV M\u00fcnchen-S\u00fcdbayern"}]},{"@type":"WebSite","@id":"https:\/\/suedbayern.humanistische-union.de\/#website","url":"https:\/\/suedbayern.humanistische-union.de\/","name":"HU Bayern","description":"Eine weitere HU Network Website","potentialAction":[{"@type":"SearchAction","target":{"@type":"EntryPoint","urlTemplate":"https:\/\/suedbayern.humanistische-union.de\/?s={search_term_string}"},"query-input":{"@type":"PropertyValueSpecification","valueRequired":true,"valueName":"search_term_string"}}],"inLanguage":"de"}]}},"_links":{"self":[{"href":"https:\/\/suedbayern.humanistische-union.de\/hu-json\/wp\/v2\/termin\/657","targetHints":{"allow":["GET"]}}],"collection":[{"href":"https:\/\/suedbayern.humanistische-union.de\/hu-json\/wp\/v2\/termin"}],"about":[{"href":"https:\/\/suedbayern.humanistische-union.de\/hu-json\/wp\/v2\/types\/termin"}],"wp:attachment":[{"href":"https:\/\/suedbayern.humanistische-union.de\/hu-json\/wp\/v2\/media?parent=657"}],"wp:term":[{"taxonomy":"category","embeddable":true,"href":"https:\/\/suedbayern.humanistische-union.de\/hu-json\/wp\/v2\/categories?post=657"},{"taxonomy":"post_tag","embeddable":true,"href":"https:\/\/suedbayern.humanistische-union.de\/hu-json\/wp\/v2\/tags?post=657"},{"taxonomy":"autoren","embeddable":true,"href":"https:\/\/suedbayern.humanistische-union.de\/hu-json\/wp\/v2\/autoren?post=657"}],"curies":[{"name":"wp","href":"https:\/\/api.w.org\/{rel}","templated":true}]}}

Mitgliederversammlung des RV München-Südbayern

<p>Wir laden ein zur</p>
<p><b>Mitgliederversammlung am Mittwoch, den 10. Oktober, 19:30 Uhr</b></p>
<p>in der Seidlvilla, München, Nikolaiplatz, Raum Gorbach,</p>
<p>U-Bahn U 3/6; Station Giselastraße</p>
<p><b>Tagesordnung: </b></p>
<p>1.	Bericht des Vorstands mit Bericht vom Verbandstag</p>
<p>2.	Aussprache und Entlastung</p>
<p>3.	Neuwahl des Vorstands</p>
<p>4.	Planung künftiger Projekte</p>
<p>5.	Sonstiges</p>
<p>Wir bitten Sie herzlich, möglichst zahlreich zur Mitgliederversammlung zu kommen. Auch wenn nur Mitglieder des Regionalverbands abstimmen dürfen, freuen wir uns über den Besuch von InteressentInnen.</p>

<!-- This site is optimized with the Yoast SEO plugin v28.4 - https://yoast.com/product/yoast-seo-wordpress/ -->
<title>Mitgliederversammlung des RV München-Südbayern - HU Bayern</title>
<meta name="robots" content="index, follow, max-snippet:-1, max-image-preview:large, max-video-preview:-1" />
<link rel="canonical" href="https://suedbayern.humanistische-union.de/veranstaltungen/2012/mitgliederversammlung-des-rv-muenchen-suedbayern/" />
<meta property="og:locale" content="de_DE" />
<meta property="og:type" content="article" />
<meta property="og:title" content="Mitgliederversammlung des RV München-Südbayern - HU Bayern" />
<meta property="og:description" content="Wir laden ein zur Mitgliederversammlung am Mittwoch, den 10. Oktober, 19:30 Uhr in der Seidlvilla, München, Nikolaiplatz, Raum Gorbach, U-Bahn U 3/6; Station Giselastraße Tagesordnung: 1. Bericht des Vorstands mit Bericht vom Verbandstag 2. Aussprache und Entlastung 3. Neuwahl des Vorstands 4. Planung künftiger Projekte 5. Sonstiges Wir bitten Sie herzlich, möglichst zahlreich zur Mitgliederversammlung [weiterlesen]" />
<meta property="og:url" content="https://suedbayern.humanistische-union.de/veranstaltungen/2012/mitgliederversammlung-des-rv-muenchen-suedbayern/" />
<meta property="og:site_name" content="HU Bayern" />
<meta name="twitter:card" content="summary_large_image" />
<script type="application/ld+json" class="yoast-schema-graph">{"@context":"https:\/\/schema.org","@graph":[{"@type":"WebPage","@id":"https:\/\/suedbayern.humanistische-union.de\/veranstaltungen\/2012\/mitgliederversammlung-des-rv-muenchen-suedbayern\/","url":"https:\/\/suedbayern.humanistische-union.de\/veranstaltungen\/2012\/mitgliederversammlung-des-rv-muenchen-suedbayern\/","name":"Mitgliederversammlung des RV München-Südbayern - HU Bayern","isPartOf":{"@id":"https:\/\/suedbayern.humanistische-union.de\/#website"},"datePublished":"2012-10-10T10:00:00+00:00","breadcrumb":{"@id":"https:\/\/suedbayern.humanistische-union.de\/veranstaltungen\/2012\/mitgliederversammlung-des-rv-muenchen-suedbayern\/#breadcrumb"},"inLanguage":"de","potentialAction":[{"@type":"ReadAction","target":["https:\/\/suedbayern.humanistische-union.de\/veranstaltungen\/2012\/mitgliederversammlung-des-rv-muenchen-suedbayern\/"]}]},{"@type":"BreadcrumbList","@id":"https:\/\/suedbayern.humanistische-union.de\/veranstaltungen\/2012\/mitgliederversammlung-des-rv-muenchen-suedbayern\/#breadcrumb","itemListElement":[{"@type":"ListItem","position":1,"name":"Startseite","item":"https:\/\/suedbayern.humanistische-union.de\/"},{"@type":"ListItem","position":2,"name":"Termine","item":"https:\/\/suedbayern.humanistische-union.de\/termine\/%year%\/"},{"@type":"ListItem","position":3,"name":"Mitgliederversammlung des RV München-Südbayern"}]},{"@type":"WebSite","@id":"https:\/\/suedbayern.humanistische-union.de\/#website","url":"https:\/\/suedbayern.humanistische-union.de\/","name":"HU Bayern","description":"Eine weitere HU Network Website","potentialAction":[{"@type":"SearchAction","target":{"@type":"EntryPoint","urlTemplate":"https:\/\/suedbayern.humanistische-union.de\/?s={search_term_string}"},"query-input":{"@type":"PropertyValueSpecification","valueRequired":true,"valueName":"search_term_string"}}],"inLanguage":"de"}]}</script>
<!-- / Yoast SEO plugin. -->

Mitgliederversammlung des RV München-Südbayern - HU Bayern

Wir laden ein zur Mitgliederversammlung am Mittwoch, den 10. Oktober, 19:30 Uhr in der Seidlvilla, München, Nikolaiplatz, Raum Gorbach, U-Bahn U 3/6; Station Giselastraße Tagesordnung: 1. Bericht des Vorstands mit Bericht vom Verbandstag 2. Aussprache und Entlastung 3. Neuwahl des Vorstands 4. Planung künftiger Projekte 5. Sonstiges Wir bitten Sie herzlich, möglichst zahlreich zur Mitgliederversammlung [weiterlesen]
